Last updated on 2022-07-04 12:54:08 CEST.
Flavor | Version | Tinstall | Tcheck | Ttotal | Status | Flags |
---|---|---|---|---|---|---|
r-devel-linux-x86_64-debian-clang | 1.3.2 | 7.34 | 95.89 | 103.23 | NOTE | |
r-devel-linux-x86_64-debian-gcc | 1.3.2 | 6.99 | 72.56 | 79.55 | NOTE | |
r-devel-linux-x86_64-fedora-clang | 1.3.2 | 133.75 | NOTE | |||
r-devel-linux-x86_64-fedora-gcc | 1.3.2 | 138.54 | NOTE | |||
r-devel-windows-x86_64 | 1.3.2 | 19.00 | 107.00 | 126.00 | OK | |
r-patched-linux-x86_64 | 1.3.2 | 6.95 | 92.73 | 99.68 | NOTE | |
r-release-linux-x86_64 | 1.3.2 | 9.17 | 92.12 | 101.29 | NOTE | |
r-release-macos-arm64 | 1.3.2 | 37.00 | OK | |||
r-release-macos-x86_64 | 1.3.2 | 49.00 | OK | |||
r-release-windows-x86_64 | 1.3.2 | 23.00 | 109.00 | 132.00 | OK | |
r-oldrel-macos-arm64 | 1.3.2 | 41.00 | OK | |||
r-oldrel-macos-x86_64 | 1.3.2 | 67.00 | OK | |||
r-oldrel-windows-ix86+x86_64 | 1.3.2 | 19.00 | 107.00 | 126.00 | OK |
Version: 1.3.2
Check: Rd cross-references
Result: NOTE
Unknown package 'geoR' in Rd xrefs
Flavors: r-devel-linux-x86_64-debian-clang, r-devel-linux-x86_64-debian-gcc, r-devel-linux-x86_64-fedora-gcc, r-patched-linux-x86_64, r-release-linux-x86_64
Version: 1.3.2
Check: Rd cross-references
Result: NOTE
Undeclared packages ‘Kendall’, ‘geoR’ in Rd xrefs
Unknown package ‘geoR’ in Rd xrefs
Flavor: r-devel-linux-x86_64-fedora-clang