CRAN Package Check Results for Package emojifont

Last updated on 2024-02-20 12:54:54 CET.

Flavor Version Tinstall Tcheck Ttotal Status Flags
r-devel-linux-x86_64-debian-clang 0.5.5 OK
r-devel-linux-x86_64-debian-gcc 0.5.5 4.86 43.25 48.11 OK
r-devel-linux-x86_64-fedora-clang 0.5.5 75.31 NOTE
r-devel-linux-x86_64-fedora-gcc 0.5.5 85.26 OK
r-devel-windows-x86_64 0.5.5 8.00 69.00 77.00 NOTE
r-patched-linux-x86_64 0.5.5 5.85 55.57 61.42 OK
r-release-linux-x86_64 0.5.5 4.68 54.25 58.93 OK
r-release-macos-arm64 0.5.5 34.00 NOTE
r-release-macos-x86_64 0.5.5 52.00 NOTE
r-release-windows-x86_64 0.5.5 9.00 76.00 85.00 NOTE
r-oldrel-macos-arm64 0.5.5 26.00 NOTE
r-oldrel-windows-x86_64 0.5.5 10.00 77.00 87.00 NOTE

Check Details

Version: 0.5.5
Check: installed package size
Result: NOTE installed size is 7.0Mb sub-directories of 1Mb or more: emoji_fonts 6.5Mb Flavors: r-devel-linux-x86_64-fedora-clang, r-devel-windows-x86_64, r-release-macos-arm64, r-release-macos-x86_64, r-release-windows-x86_64, r-oldrel-macos-arm64, r-oldrel-windows-x86_64