CRAN Package Check Results for Package emojifont

Last updated on 2022-06-29 11:52:08 CEST.

Flavor Version Tinstall Tcheck Ttotal Status Flags
r-devel-linux-x86_64-debian-clang 0.5.5 5.56 62.10 67.66 OK
r-devel-linux-x86_64-debian-gcc 0.5.5 5.33 46.69 52.02 OK
r-devel-linux-x86_64-fedora-clang 0.5.5 90.44 NOTE
r-devel-linux-x86_64-fedora-gcc 0.5.5 87.69 OK
r-devel-windows-x86_64 0.5.5 27.00 94.00 121.00 NOTE
r-patched-linux-x86_64 0.5.5 6.10 58.05 64.15 OK
r-release-linux-x86_64 0.5.5 4.70 58.87 63.57 OK
r-release-macos-arm64 0.5.5 26.00 NOTE
r-release-macos-x86_64 0.5.5 42.00 NOTE
r-release-windows-x86_64 0.5.5 29.00 97.00 126.00 NOTE
r-oldrel-macos-arm64 0.5.5 39.00 NOTE
r-oldrel-macos-x86_64 0.5.5 61.00 NOTE
r-oldrel-windows-ix86+x86_64 0.5.5 17.00 78.00 95.00 NOTE

Check Details

Version: 0.5.5
Check: installed package size
Result: NOTE
     installed size is 7.0Mb
     sub-directories of 1Mb or more:
     emoji_fonts 6.5Mb
Flavors: r-devel-linux-x86_64-fedora-clang, r-devel-windows-x86_64, r-release-macos-arm64, r-release-macos-x86_64, r-release-windows-x86_64, r-oldrel-macos-arm64, r-oldrel-macos-x86_64, r-oldrel-windows-ix86+x86_64