Last updated on 2023-09-25 12:01:38 CEST.
Flavor | Version | Tinstall | Tcheck | Ttotal | Status | Flags |
---|---|---|---|---|---|---|
r-devel-linux-x86_64-debian-clang | 15.0 | 3.36 | 37.61 | 40.97 | OK | |
r-devel-linux-x86_64-debian-gcc | 15.0 | 3.42 | 29.52 | 32.94 | OK | |
r-devel-linux-x86_64-fedora-clang | 15.0 | 51.89 | NOTE | |||
r-devel-linux-x86_64-fedora-gcc | 15.0 | 50.71 | NOTE | |||
r-devel-windows-x86_64 | 15.0 | 6.00 | 56.00 | 62.00 | OK | |
r-patched-linux-x86_64 | 15.0 | 4.50 | 36.55 | 41.05 | OK | |
r-release-linux-x86_64 | 15.0 | 4.28 | 37.72 | 42.00 | OK | |
r-release-macos-arm64 | 15.0 | 21.00 | OK | |||
r-release-macos-x86_64 | 15.0 | 30.00 | OK | |||
r-release-windows-x86_64 | 15.0 | 8.00 | 59.00 | 67.00 | OK | |
r-oldrel-macos-arm64 | 15.0 | 29.00 | NOTE | |||
r-oldrel-macos-x86_64 | 15.0 | 24.00 | NOTE | |||
r-oldrel-windows-x86_64 | 15.0 | 8.00 | 56.00 | 64.00 | OK |
Version: 15.0
Check: data for non-ASCII characters
Result: NOTE
Note: found 16919 marked UTF-8 strings
Flavors: r-devel-linux-x86_64-fedora-clang, r-devel-linux-x86_64-fedora-gcc, r-oldrel-macos-arm64, r-oldrel-macos-x86_64