CRAN Package Check Results for Package emdist

Last updated on 2024-04-20 11:50:11 CEST.

Flavor Version Tinstall Tcheck Ttotal Status Flags
r-devel-linux-x86_64-debian-clang 0.3-3 2.99 19.87 22.86 NOTE
r-devel-linux-x86_64-debian-gcc 0.3-3 2.61 15.49 18.10 WARN
r-devel-linux-x86_64-fedora-clang 0.3-3 29.76 NOTE
r-devel-linux-x86_64-fedora-gcc 0.3-3 28.68 WARN
r-prerel-macos-arm64 0.3-3 15.00 NOTE
r-prerel-windows-x86_64 0.3-3 5.00 35.00 40.00 OK
r-patched-linux-x86_64 0.3-3 2.97 19.27 22.24 WARN
r-release-linux-x86_64 0.3-3 2.96 19.59 22.55 WARN
r-release-macos-arm64 0.3-3 18.00 OK
r-release-macos-x86_64 0.3-3 27.00 OK
r-release-windows-x86_64 0.3-3 7.00 34.00 41.00 OK
r-oldrel-macos-arm64 0.3-3 21.00 OK
r-oldrel-windows-x86_64 0.3-3 7.00 39.00 46.00 OK

Additional issues

gcc12

Check Details

Version: 0.3-3
Check: DESCRIPTION meta-information
Result: NOTE License stub is invalid DCF. Flavors: r-devel-linux-x86_64-debian-clang, r-devel-linux-x86_64-debian-gcc, r-prerel-macos-arm64, r-patched-linux-x86_64

Version: 0.3-3
Check: whether package can be installed
Result: WARN Found the following significant warnings: emd-rubner.c:810:20: warning: ‘minI’ is used uninitialized [-Wuninitialized] emd-rubner.c:810:26: warning: ‘minJ’ is used uninitialized [-Wuninitialized] See ‘/home/hornik/tmp/R.check/r-devel-gcc/Work/PKGS/emdist.Rcheck/00install.out’ for details. * used C compiler: ‘gcc-13 (Debian 13.2.0-13) 13.2.0’ Flavor: r-devel-linux-x86_64-debian-gcc

Version: 0.3-3
Check: DESCRIPTION meta-information
Result: NOTE Licence stub is invalid DCF. Flavors: r-devel-linux-x86_64-fedora-clang, r-devel-linux-x86_64-fedora-gcc

Version: 0.3-3
Check: whether package can be installed
Result: WARN Found the following significant warnings: emd-rubner.c:810:20: warning: 'minI' is used uninitialized [-Wuninitialized] emd-rubner.c:810:26: warning: 'minJ' is used uninitialized [-Wuninitialized] See ‘/data/gannet/ripley/R/packages/tests-devel/emdist.Rcheck/00install.out’ for details. * used C compiler: ‘gcc-13 (GCC) 13.2.0’ Flavor: r-devel-linux-x86_64-fedora-gcc

Version: 0.3-3
Check: whether package can be installed
Result: WARN Found the following significant warnings: emd-rubner.c:810:20: warning: ‘minI’ is used uninitialized [-Wuninitialized] emd-rubner.c:810:26: warning: ‘minJ’ is used uninitialized [-Wuninitialized] See ‘/home/hornik/tmp/R.check/r-patched-gcc/Work/PKGS/emdist.Rcheck/00install.out’ for details. * used C compiler: ‘gcc-13 (Debian 13.2.0-13) 13.2.0’ Flavor: r-patched-linux-x86_64

Version: 0.3-3
Check: whether package can be installed
Result: WARN Found the following significant warnings: emd-rubner.c:810:20: warning: ‘minI’ is used uninitialized [-Wuninitialized] emd-rubner.c:810:26: warning: ‘minJ’ is used uninitialized [-Wuninitialized] See ‘/home/hornik/tmp/R.check/r-release-gcc/Work/PKGS/emdist.Rcheck/00install.out’ for details. * used C compiler: ‘gcc-13 (Debian 13.2.0-13) 13.2.0’ Flavor: r-release-linux-x86_64