Last updated on 2024-04-17 10:41:35 CEST.
Flavor | Version | Tinstall | Tcheck | Ttotal | Status | Flags |
---|---|---|---|---|---|---|
r-devel-linux-x86_64-debian-clang | 1.1.4 | 16.26 | 236.29 | 252.55 | OK | |
r-devel-linux-x86_64-debian-gcc | 1.1.4 | 12.49 | 173.21 | 185.70 | OK | |
r-devel-linux-x86_64-fedora-clang | 1.1.4 | 326.77 | NOTE | |||
r-devel-linux-x86_64-fedora-gcc | 1.1.4 | 298.37 | OK | |||
r-prerel-macos-arm64 | 1.1.4 | 82.00 | OK | |||
r-prerel-macos-x86_64 | 1.1.4 | 214.00 | OK | |||
r-prerel-windows-x86_64 | 1.1.4 | 16.00 | 233.00 | 249.00 | OK | |
r-patched-linux-x86_64 | 1.1.4 | 23.60 | 228.39 | 251.99 | OK | |
r-release-linux-x86_64 | 1.1.4 | 15.27 | 235.49 | 250.76 | OK | |
r-release-macos-arm64 | 1.1.4 | 86.00 | OK | |||
r-release-macos-x86_64 | 1.1.4 | 233.00 | OK | |||
r-release-windows-x86_64 | 1.1.4 | 20.00 | 270.00 | 290.00 | OK | |
r-oldrel-macos-arm64 | 1.1.4 | 84.00 | OK | |||
r-oldrel-windows-x86_64 | 1.1.4 | 21.00 | 258.00 | 279.00 | OK |
Version: 1.1.4
Check: Rd cross-references
Result: NOTE
Undeclared package ‘textrecipes’ in Rd xrefs
Flavor: r-devel-linux-x86_64-fedora-clang