Last updated on 2023-02-06 11:04:33 CET.
Flavor | Version | Tinstall | Tcheck | Ttotal | Status | Flags |
---|---|---|---|---|---|---|
r-devel-linux-x86_64-debian-clang | 0.1.8 | 8.73 | 90.99 | 99.72 | NOTE | |
r-devel-linux-x86_64-debian-gcc | 0.1.8 | 7.42 | 67.32 | 74.74 | NOTE | |
r-devel-linux-x86_64-fedora-clang | 0.1.8 | 127.07 | NOTE | |||
r-devel-linux-x86_64-fedora-gcc | 0.1.8 | 127.93 | NOTE | |||
r-devel-windows-x86_64 | 0.1.8 | 44.00 | 136.00 | 180.00 | NOTE | |
r-patched-linux-x86_64 | 0.1.8 | 11.13 | 82.87 | 94.00 | NOTE | |
r-release-linux-x86_64 | 0.1.8 | 8.11 | 83.45 | 91.56 | NOTE | |
r-release-macos-arm64 | 0.1.8 | 44.00 | NOTE | |||
r-release-macos-x86_64 | 0.1.8 | 89.00 | NOTE | |||
r-release-windows-x86_64 | 0.1.8 | 73.00 | 142.00 | 215.00 | NOTE | |
r-oldrel-macos-arm64 | 0.1.8 | 50.00 | NOTE | |||
r-oldrel-macos-x86_64 | 0.1.8 | 78.00 | NOTE | |||
r-oldrel-windows-ix86+x86_64 | 0.1.8 | 22.00 | 135.00 | 157.00 | NOTE |
Version: 0.1.8
Check: LazyData
Result: NOTE
'LazyData' is specified without a 'data' directory
Flavors: r-devel-linux-x86_64-debian-clang, r-devel-linux-x86_64-debian-gcc, r-devel-linux-x86_64-fedora-clang, r-devel-linux-x86_64-fedora-gcc, r-devel-windows-x86_64, r-patched-linux-x86_64, r-release-linux-x86_64, r-release-macos-arm64, r-release-macos-x86_64, r-release-windows-x86_64, r-oldrel-macos-arm64, r-oldrel-macos-x86_64, r-oldrel-windows-ix86+x86_64