Last updated on 2025-04-29 12:52:35 CEST.
Flavor | Version | Tinstall | Tcheck | Ttotal | Status | Flags |
---|---|---|---|---|---|---|
r-devel-linux-x86_64-debian-clang | 1.0 | 1.46 | 16.04 | 17.50 | NOTE | |
r-devel-linux-x86_64-debian-gcc | 1.0 | 1.23 | 13.35 | 14.58 | NOTE | |
r-devel-linux-x86_64-fedora-clang | 1.0 | 27.23 | OK | |||
r-devel-linux-x86_64-fedora-gcc | 1.0 | 26.42 | OK | |||
r-devel-windows-x86_64 | 1.0 | 3.00 | 38.00 | 41.00 | OK | |
r-patched-linux-x86_64 | 1.0 | 1.38 | 15.47 | 16.85 | OK | |
r-release-linux-x86_64 | 1.0 | 1.21 | 15.33 | 16.54 | OK | |
r-release-macos-arm64 | 1.0 | 16.00 | OK | |||
r-release-macos-x86_64 | 1.0 | 30.00 | OK | |||
r-release-windows-x86_64 | 1.0 | 3.00 | 40.00 | 43.00 | OK | |
r-oldrel-macos-arm64 | 1.0 | 16.00 | OK | |||
r-oldrel-macos-x86_64 | 1.0 | 20.00 | OK | |||
r-oldrel-windows-x86_64 | 1.0 | 3.00 | 36.00 | 39.00 | OK |
Version: 1.0
Check: CRAN incoming feasibility
Result: NOTE
Maintainer: ‘Geoff Hing <geoffhing@gmail.com>’
No Authors@R field in DESCRIPTION.
Please add one, modifying
Authors@R: person(given = "Geoff",
family = "Hing",
role = c("aut", "cre"),
email = "geoffhing@gmail.com")
as necessary.
The Description field contains
(https://github.com/newsdev/elex/), a Python package and command line
Please enclose URLs in angle brackets (<...>).
Flavors: r-devel-linux-x86_64-debian-clang, r-devel-linux-x86_64-debian-gcc