Last updated on 2023-02-02 11:53:58 CET.
Flavor | Version | Tinstall | Tcheck | Ttotal | Status | Flags |
---|---|---|---|---|---|---|
r-devel-linux-x86_64-debian-clang | 1.1.2 | 83.21 | 50.15 | 133.36 | OK | |
r-devel-linux-x86_64-debian-gcc | 1.1.2 | 67.71 | 35.41 | 103.12 | OK | |
r-devel-linux-x86_64-fedora-clang | 1.1.2 | 190.28 | OK | |||
r-devel-linux-x86_64-fedora-gcc | 1.1.2 | 189.33 | OK | |||
r-patched-linux-x86_64 | 1.1.2 | 66.09 | 46.48 | 112.57 | OK | |
r-release-linux-x86_64 | 1.1.2 | 66.25 | 45.93 | 112.18 | OK | |
r-release-macos-arm64 | 1.1.2 | 43.00 | NOTE | |||
r-release-macos-x86_64 | 1.1.2 | 66.00 | NOTE | |||
r-release-windows-x86_64 | 1.1.2 | 283.00 | 110.00 | 393.00 | OK | |
r-oldrel-macos-arm64 | 1.1.2 | 40.00 | NOTE | |||
r-oldrel-macos-x86_64 | 1.1.2 | 70.00 | NOTE | |||
r-oldrel-windows-ix86+x86_64 | 1.1.2 | 208.00 | 111.00 | 319.00 | OK |
Version: 1.1.2
Check: installed package size
Result: NOTE
installed size is 9.2Mb
sub-directories of 1Mb or more:
libs 9.0Mb
Flavors: r-release-macos-arm64, r-release-macos-x86_64, r-oldrel-macos-arm64, r-oldrel-macos-x86_64