Last updated on 2024-04-18 12:52:43 CEST.
Flavor | Version | Tinstall | Tcheck | Ttotal | Status | Flags |
---|---|---|---|---|---|---|
r-devel-linux-x86_64-debian-clang | 2.0.0 | 92.35 | 108.57 | 200.92 | OK | |
r-devel-linux-x86_64-debian-gcc | 2.0.0 | 73.36 | 73.95 | 147.31 | OK | |
r-devel-linux-x86_64-fedora-clang | 2.0.0 | 260.90 | OK | |||
r-devel-linux-x86_64-fedora-gcc | 2.0.0 | 263.06 | OK | |||
r-prerel-macos-arm64 | 2.0.0 | 52.00 | NOTE | |||
r-prerel-windows-x86_64 | 2.0.0 | 69.00 | 121.00 | 190.00 | OK | |
r-patched-linux-x86_64 | 2.0.0 | 87.43 | 94.67 | 182.10 | OK | |
r-release-linux-x86_64 | 2.0.0 | 65.48 | 96.01 | 161.49 | OK | |
r-release-macos-arm64 | 2.0.0 | 66.00 | NOTE | |||
r-release-macos-x86_64 | 2.0.0 | 115.00 | NOTE | |||
r-release-windows-x86_64 | 2.0.0 | 89.00 | 175.00 | 264.00 | OK | |
r-oldrel-macos-arm64 | 2.0.0 | 69.00 | NOTE | |||
r-oldrel-windows-x86_64 | 2.0.0 | 87.00 | 159.00 | 246.00 | OK |
Version: 2.0.0
Check: installed package size
Result: NOTE
installed size is 9.1Mb
sub-directories of 1Mb or more:
libs 9.0Mb
Flavors: r-prerel-macos-arm64, r-release-macos-arm64, r-release-macos-x86_64, r-oldrel-macos-arm64