Last updated on 2024-04-17 10:41:35 CEST.
Flavor | Version | Tinstall | Tcheck | Ttotal | Status | Flags |
---|---|---|---|---|---|---|
r-devel-linux-x86_64-debian-clang | 1.2 | 7.67 | 77.53 | 85.20 | NOTE | |
r-devel-linux-x86_64-debian-gcc | 1.2 | 6.56 | 56.88 | 63.44 | NOTE | |
r-devel-linux-x86_64-fedora-clang | 1.2 | 104.87 | NOTE | |||
r-devel-linux-x86_64-fedora-gcc | 1.2 | 98.82 | NOTE | |||
r-prerel-macos-arm64 | 1.2 | 29.00 | NOTE | |||
r-prerel-windows-x86_64 | 1.2 | 8.00 | 70.00 | 78.00 | NOTE | |
r-patched-linux-x86_64 | 1.2 | 8.13 | 73.31 | 81.44 | NOTE | |
r-release-linux-x86_64 | 1.2 | 7.54 | 74.76 | 82.30 | OK | |
r-release-macos-arm64 | 1.2 | 34.00 | OK | |||
r-release-macos-x86_64 | 1.2 | 53.00 | OK | |||
r-release-windows-x86_64 | 1.2 | 11.00 | 85.00 | 96.00 | OK | |
r-oldrel-macos-arm64 | 1.2 | 35.00 | OK | |||
r-oldrel-windows-x86_64 | 1.2 | 10.00 | 88.00 | 98.00 | OK |
Version: 1.2
Check: Rd files
Result: NOTE
checkRd: (-1) electData.Rd:16: Lost braces; missing escapes or markup?
16 | Variables: \code{id} = {identification number},
| ^
checkRd: (-1) electData.Rd:17: Lost braces; missing escapes or markup?
17 | \code{state} = {state}, \code{age} = age in years on a shifted scale (current age minus 70),
| ^
checkRd: (-1) summary.elect.Rd:25: Lost braces; missing escapes or markup?
25 | TRUE for output on start-state totals e_{r.} (for \code{S}>0)
| ^
Flavors: r-devel-linux-x86_64-debian-clang, r-devel-linux-x86_64-debian-gcc, r-devel-linux-x86_64-fedora-clang, r-devel-linux-x86_64-fedora-gcc, r-prerel-macos-arm64, r-prerel-windows-x86_64, r-patched-linux-x86_64