CRAN Package Check Results for Package elec

Last updated on 2022-07-05 11:49:52 CEST.

Flavor Version Tinstall Tcheck Ttotal Status Flags
r-devel-linux-x86_64-debian-clang 0.1.2.2 5.30 54.85 60.15 NOTE
r-devel-linux-x86_64-debian-gcc 0.1.2.2 3.35 38.86 42.21 NOTE
r-devel-linux-x86_64-fedora-clang 0.1.2.2 77.95 NOTE
r-devel-linux-x86_64-fedora-gcc 0.1.2.2 79.60 NOTE
r-devel-windows-x86_64 0.1.2.2 29.00 78.00 107.00 NOTE
r-patched-linux-x86_64 0.1.2.2 3.85 51.87 55.72 OK
r-release-linux-x86_64 0.1.2.2 3.23 50.99 54.22 OK
r-release-macos-arm64 0.1.2.2 24.00 OK
r-release-macos-x86_64 0.1.2.2 36.00 OK
r-release-windows-x86_64 0.1.2.2 28.00 75.00 103.00 OK
r-oldrel-macos-arm64 0.1.2.2 25.00 OK
r-oldrel-macos-x86_64 0.1.2.2 37.00 OK
r-oldrel-windows-ix86+x86_64 0.1.2.2 9.00 72.00 81.00 OK

Check Details

Version: 0.1.2.2
Check: Rd files
Result: NOTE
    checkRd: (-1) AuditErrors.Rd:40: Escaped LaTeX specials: \_
    checkRd: (-1) compute.audit.errors.Rd:24: Escaped LaTeX specials: \_
    checkRd: (-1) compute.stark.t.Rd:35: Escaped LaTeX specials: \_ \_
    checkRd: (-1) find.q.Rd:44: Escaped LaTeX specials: \_
    checkRd: (-1) find.q.Rd:56: Escaped LaTeX specials: \_
    checkRd: (-1) stark.test.Rd:50: Escaped LaTeX specials: \$
    checkRd: (-1) stark.test.Rd:101: Escaped LaTeX specials: \$ \$
    checkRd: (-1) tri.audit.sim.Rd:47: Escaped LaTeX specials: \_
    checkRd: (-1) tri.calc.sample.Rd:34: Escaped LaTeX specials: \_
    checkRd: (-1) tri.sample.Rd:34: Escaped LaTeX specials: \$
    checkRd: (-1) tri.sample.Rd:36: Escaped LaTeX specials: \$
    checkRd: (-1) tri.sample.Rd:49: Escaped LaTeX specials: \$
    checkRd: (-1) weight.function.Rd:16: Escaped LaTeX specials: \_
Flavors: r-devel-linux-x86_64-debian-clang, r-devel-linux-x86_64-debian-gcc, r-devel-linux-x86_64-fedora-clang, r-devel-linux-x86_64-fedora-gcc, r-devel-windows-x86_64