Last updated on 2022-06-29 11:52:08 CEST.
Flavor | Version | Tinstall | Tcheck | Ttotal | Status | Flags |
---|---|---|---|---|---|---|
r-devel-linux-x86_64-debian-clang | 0.2 | 11.33 | 118.74 | 130.07 | OK | |
r-devel-linux-x86_64-debian-gcc | 0.2 | 10.84 | 89.53 | 100.37 | OK | |
r-devel-linux-x86_64-fedora-clang | 0.2 | 166.65 | WARN | |||
r-devel-linux-x86_64-fedora-gcc | 0.2 | 165.57 | WARN | |||
r-devel-windows-x86_64 | 0.2 | 25.00 | 132.00 | 157.00 | OK | |
r-patched-linux-x86_64 | 0.2 | 10.00 | 113.37 | 123.37 | OK | |
r-release-linux-x86_64 | 0.2 | 9.50 | 114.64 | 124.14 | OK | |
r-release-macos-arm64 | 0.2 | 39.00 | OK | |||
r-release-macos-x86_64 | 0.2 | 71.00 | OK | |||
r-release-windows-x86_64 | 0.2 | 23.00 | 134.00 | 157.00 | OK | |
r-oldrel-macos-arm64 | 0.2 | 46.00 | OK | |||
r-oldrel-macos-x86_64 | 0.2 | 90.00 | OK | |||
r-oldrel-windows-ix86+x86_64 | 0.2 | 33.00 | 128.00 | 161.00 | OK |
Version: 0.2
Check: package dependencies
Result: WARN
Requires (indirectly) orphaned package: ‘gtools’
Flavors: r-devel-linux-x86_64-fedora-clang, r-devel-linux-x86_64-fedora-gcc