Last updated on 2023-09-30 11:51:39 CEST.
Flavor | Version | Tinstall | Tcheck | Ttotal | Status | Flags |
---|---|---|---|---|---|---|
r-devel-linux-x86_64-debian-clang | 0.2.2 | 125.59 | 31.58 | 157.17 | NOTE | |
r-devel-linux-x86_64-debian-gcc | 0.2.2 | 110.85 | 29.60 | 140.45 | NOTE | |
r-devel-linux-x86_64-fedora-clang | 0.2.2 | 213.12 | NOTE | |||
r-devel-linux-x86_64-fedora-gcc | 0.2.2 | 283.91 | NOTE | |||
r-devel-windows-x86_64 | 0.2.2 | 94.00 | 76.00 | 170.00 | NOTE | |
r-patched-linux-x86_64 | 0.2.2 | 140.03 | 37.15 | 177.18 | NOTE | |
r-release-linux-x86_64 | 0.2.2 | 143.14 | 37.05 | 180.19 | NOTE | |
r-release-macos-arm64 | 0.2.2 | 80.00 | NOTE | |||
r-release-macos-x86_64 | 0.2.2 | 120.00 | NOTE | |||
r-release-windows-x86_64 | 0.2.2 | 121.00 | 85.00 | 206.00 | NOTE | |
r-oldrel-macos-arm64 | 0.2.2 | 69.00 | NOTE | |||
r-oldrel-macos-x86_64 | 0.2.2 | 83.00 | NOTE | |||
r-oldrel-windows-x86_64 | 0.2.2 | 114.00 | 79.00 | 193.00 | OK |
Version: 0.2.2
Check: C++ specification
Result: NOTE
Specified C++14: please drop specification unless essential
Flavors: r-devel-linux-x86_64-debian-clang, r-devel-linux-x86_64-debian-gcc, r-devel-linux-x86_64-fedora-clang, r-devel-linux-x86_64-fedora-gcc, r-patched-linux-x86_64, r-release-linux-x86_64, r-release-macos-arm64, r-release-macos-x86_64
Version: 0.2.2
Check: C++ specification
Result: NOTE
Specified C++11: please drop specification unless essential
Flavors: r-devel-windows-x86_64, r-release-windows-x86_64
Version: 0.2.2
Check: installed package size
Result: NOTE
installed size is 47.2Mb
sub-directories of 1Mb or more:
libs 46.2Mb
Flavors: r-release-macos-arm64, r-release-macos-x86_64, r-oldrel-macos-arm64, r-oldrel-macos-x86_64