CRAN Package Check Results for Package eia

Last updated on 2022-06-29 11:52:08 CEST.

Flavor Version Tinstall Tcheck Ttotal Status Flags
r-devel-linux-x86_64-debian-clang 0.3.7 5.65 53.27 58.92 NOTE
r-devel-linux-x86_64-debian-gcc 0.3.7 4.73 40.63 45.36 NOTE
r-devel-linux-x86_64-fedora-clang 0.3.7 82.27 NOTE
r-devel-linux-x86_64-fedora-gcc 0.3.7 78.46 NOTE
r-devel-windows-x86_64 0.3.7 22.00 96.00 118.00 NOTE
r-patched-linux-x86_64 0.3.7 5.75 51.08 56.83 NOTE
r-release-linux-x86_64 0.3.7 4.91 52.22 57.13 NOTE
r-release-macos-arm64 0.3.7 30.00 NOTE
r-release-macos-x86_64 0.3.7 49.00 NOTE
r-release-windows-x86_64 0.3.7 23.00 89.00 112.00 NOTE
r-oldrel-macos-arm64 0.3.7 33.00 NOTE
r-oldrel-macos-x86_64 0.3.7 39.00 NOTE
r-oldrel-windows-ix86+x86_64 0.3.7 13.00 72.00 85.00 NOTE

Check Details

Version: 0.3.7
Check: LazyData
Result: NOTE
     'LazyData' is specified without a 'data' directory
Flavors: r-devel-linux-x86_64-debian-clang, r-devel-linux-x86_64-debian-gcc, r-devel-linux-x86_64-fedora-clang, r-devel-linux-x86_64-fedora-gcc, r-devel-windows-x86_64, r-patched-linux-x86_64, r-release-linux-x86_64, r-release-macos-arm64, r-release-macos-x86_64, r-release-windows-x86_64, r-oldrel-macos-arm64, r-oldrel-macos-x86_64, r-oldrel-windows-ix86+x86_64