CRAN Package Check Results for Package eiExpand

Last updated on 2024-07-24 11:25:59 CEST.

Flavor Version Tinstall Tcheck Ttotal Status Flags
r-devel-linux-x86_64-debian-clang 1.0.5 14.36 56.62 70.98 OK
r-devel-linux-x86_64-debian-gcc 1.0.5 12.10 42.81 54.91 OK
r-devel-linux-x86_64-fedora-clang 1.0.5 97.91 NOTE
r-devel-linux-x86_64-fedora-gcc 1.0.5 86.25 NOTE
r-devel-windows-x86_64 1.0.5 18.00 63.00 81.00 OK
r-patched-linux-x86_64 1.0.5 14.23 53.95 68.18 OK
r-release-linux-x86_64 1.0.5 11.78 55.46 67.24 OK
r-release-macos-arm64 1.0.5 35.00 OK
r-release-macos-x86_64 1.0.5 45.00 OK
r-release-windows-x86_64 1.0.5 18.00 64.00 82.00 OK
r-oldrel-macos-arm64 1.0.5 33.00 OK
r-oldrel-macos-x86_64 1.0.5 50.00 OK
r-oldrel-windows-x86_64 1.0.5 19.00 72.00 91.00 OK

Check Details

Version: 1.0.5
Check: data for non-ASCII characters
Result: NOTE Note: found 1 marked UTF-8 string Flavors: r-devel-linux-x86_64-fedora-clang, r-devel-linux-x86_64-fedora-gcc