Last updated on 2025-04-29 12:52:35 CEST.
Flavor | Version | Tinstall | Tcheck | Ttotal | Status | Flags |
---|---|---|---|---|---|---|
r-devel-linux-x86_64-debian-clang | 1.0 | 2.04 | 20.27 | 22.31 | NOTE | |
r-devel-linux-x86_64-debian-gcc | 1.0 | 1.64 | 15.95 | 17.59 | NOTE | |
r-devel-linux-x86_64-fedora-clang | 1.0 | 35.37 | OK | |||
r-devel-linux-x86_64-fedora-gcc | 1.0 | 33.39 | OK | |||
r-devel-windows-x86_64 | 1.0 | 4.00 | 43.00 | 47.00 | OK | |
r-patched-linux-x86_64 | 1.0 | 2.50 | 19.55 | 22.05 | OK | |
r-release-linux-x86_64 | 1.0 | 2.45 | 19.45 | 21.90 | OK | |
r-release-macos-arm64 | 1.0 | 17.00 | OK | |||
r-release-macos-x86_64 | 1.0 | 25.00 | OK | |||
r-release-windows-x86_64 | 1.0 | 4.00 | 45.00 | 49.00 | OK | |
r-oldrel-macos-arm64 | 1.0 | 16.00 | OK | |||
r-oldrel-macos-x86_64 | 1.0 | 21.00 | OK | |||
r-oldrel-windows-x86_64 | 1.0 | 4.00 | 41.00 | 45.00 | OK |
Version: 1.0
Check: CRAN incoming feasibility
Result: NOTE
Maintainer: ‘Gloria Gheno <gloriagheno@libero.it>’
No Authors@R field in DESCRIPTION.
Please add one, modifying
Authors@R: person(given = "Gloria",
family = "Gheno",
role = c("aut", "cre"),
email = "gloriagheno@libero.it")
as necessary.
File 'R/efflog-internal.R' sets .Random.seed.
This is usually neither needed nor wanted.
Flavors: r-devel-linux-x86_64-debian-clang, r-devel-linux-x86_64-debian-gcc