Last updated on 2023-02-03 11:53:13 CET.
Flavor | Version | Tinstall | Tcheck | Ttotal | Status | Flags |
---|---|---|---|---|---|---|
r-devel-linux-x86_64-debian-clang | 0.8.3 | 7.28 | 308.76 | 316.04 | OK | |
r-devel-linux-x86_64-debian-gcc | 0.8.3 | 8.27 | 222.21 | 230.48 | OK | |
r-devel-linux-x86_64-fedora-clang | 0.8.3 | 371.55 | OK | |||
r-devel-linux-x86_64-fedora-gcc | 0.8.3 | 371.87 | OK | |||
r-devel-windows-x86_64 | 0.8.3 | 94.00 | 377.00 | 471.00 | OK | |
r-patched-linux-x86_64 | 0.8.3 | 10.09 | 282.67 | 292.76 | OK | |
r-release-linux-x86_64 | 0.8.3 | 8.20 | 248.75 | 256.95 | OK | |
r-release-macos-arm64 | 0.8.3 | 91.00 | OK | |||
r-release-macos-x86_64 | 0.8.3 | 124.00 | OK | |||
r-release-windows-x86_64 | 0.8.3 | 22.00 | 319.00 | 341.00 | OK | |
r-oldrel-macos-arm64 | 0.8.3 | 87.00 | OK | |||
r-oldrel-macos-x86_64 | 0.8.3 | 141.00 | OK | |||
r-oldrel-windows-ix86+x86_64 | 0.8.3 | 27.00 | 346.00 | 373.00 | ERROR |
Version: 0.8.3
Check: PDF version of manual
Result: WARN
LaTeX errors when creating PDF version.
This typically indicates Rd problems.
LaTeX errors found:
! Package inputenc Error: Unicode char â<c2><80><c2><90> (U+2010)
(inputenc) not set up for use with LaTeX.
See the inputenc package documentation for explanation.
Type H <return> for immediate help.
! Package inputenc Error: Unicode char â<c2><80><c2><90> (U+2010)
(inputenc) not set up for use with LaTeX.
See the inputenc package documentation for explanation.
Type H <return> for immediate help.
! Package inputenc Error: Unicode char â<c2><80><c2><90> (U+2010)
(inputenc) not set up for use with LaTeX.
See the inputenc package documentation for explanation.
Type H <return> for immediate help.
! Package inputenc Error: Unicode char â<c2><80><c2><90> (U+2010)
(inputenc) not set up for use with LaTeX.
See the inputenc package documentation for explanation.
Type H <return> for immediate help.
Flavor: r-oldrel-windows-ix86+x86_64
Version: 0.8.3
Check: PDF version of manual without hyperrefs or index
Result: ERROR
Flavor: r-oldrel-windows-ix86+x86_64