CRAN Package Check Results for Package effectR

Last updated on 2024-02-22 12:48:25 CET.

Flavor Version Tinstall Tcheck Ttotal Status Flags
r-devel-linux-x86_64-debian-clang 1.0.2 OK
r-devel-linux-x86_64-debian-gcc 1.0.2 3.73 36.06 39.79 OK
r-devel-linux-x86_64-fedora-clang 1.0.2 64.49 NOTE
r-devel-linux-x86_64-fedora-gcc 1.0.2 73.72 NOTE
r-devel-windows-x86_64 1.0.2 5.00 57.00 62.00 OK
r-patched-linux-x86_64 1.0.2 9.07 45.81 54.88 OK
r-release-linux-x86_64 1.0.2 3.92 45.14 49.06 OK
r-release-macos-arm64 1.0.2 31.00 OK
r-release-macos-x86_64 1.0.2 44.00 OK
r-release-windows-x86_64 1.0.2 7.00 61.00 68.00 OK
r-oldrel-macos-arm64 1.0.2 22.00 NOTE
r-oldrel-windows-x86_64 1.0.2 7.00 68.00 75.00 OK

Check Details

Version: 1.0.2
Check: dependencies in R code
Result: NOTE Namespace in Imports field not imported from: ‘rmarkdown’ All declared Imports should be used. Flavors: r-devel-linux-x86_64-fedora-clang, r-devel-linux-x86_64-fedora-gcc, r-oldrel-macos-arm64