CRAN Package Check Results for Package edina

Last updated on 2022-06-29 11:52:08 CEST.

Flavor Version Tinstall Tcheck Ttotal Status Flags
r-devel-linux-x86_64-debian-clang 0.1.1 38.51 61.58 100.09 NOTE
r-devel-linux-x86_64-debian-gcc 0.1.1 31.01 46.59 77.60 NOTE
r-devel-linux-x86_64-fedora-clang 0.1.1 152.40 NOTE
r-devel-linux-x86_64-fedora-gcc 0.1.1 139.52 NOTE
r-devel-windows-x86_64 0.1.1 46.00 106.00 152.00 NOTE
r-patched-linux-x86_64 0.1.1 39.12 58.76 97.88 NOTE
r-release-linux-x86_64 0.1.1 35.85 61.00 96.85 NOTE
r-release-macos-arm64 0.1.1 40.00 NOTE
r-release-macos-x86_64 0.1.1 65.00 NOTE
r-release-windows-x86_64 0.1.1 42.00 112.00 154.00 NOTE
r-oldrel-macos-arm64 0.1.1 44.00 NOTE
r-oldrel-macos-x86_64 0.1.1 65.00 NOTE
r-oldrel-windows-ix86+x86_64 0.1.1 104.00 114.00 218.00 NOTE

Check Details

Version: 0.1.1
Check: LazyData
Result: NOTE
     'LazyData' is specified without a 'data' directory
Flavors: r-devel-linux-x86_64-debian-clang, r-devel-linux-x86_64-debian-gcc, r-devel-linux-x86_64-fedora-clang, r-devel-linux-x86_64-fedora-gcc, r-devel-windows-x86_64, r-patched-linux-x86_64, r-release-linux-x86_64, r-release-macos-arm64, r-release-macos-x86_64, r-release-windows-x86_64, r-oldrel-macos-arm64, r-oldrel-macos-x86_64, r-oldrel-windows-ix86+x86_64