Last updated on 2024-03-29 09:55:22 CET.
Flavor | Version | Tinstall | Tcheck | Ttotal | Status | Flags |
---|---|---|---|---|---|---|
r-devel-linux-x86_64-debian-clang | 0.2.0 | 1.93 | 28.28 | 30.21 | NOTE | |
r-devel-linux-x86_64-debian-gcc | 0.2.0 | 1.67 | 22.28 | 23.95 | NOTE | |
r-devel-linux-x86_64-fedora-clang | 0.2.0 | 39.80 | NOTE | |||
r-devel-linux-x86_64-fedora-gcc | 0.2.0 | 50.59 | NOTE | |||
r-devel-windows-x86_64 | 0.2.0 | 3.00 | 44.00 | 47.00 | NOTE | |
r-patched-linux-x86_64 | 0.2.0 | 2.14 | 28.20 | 30.34 | NOTE | |
r-release-linux-x86_64 | 0.2.0 | 2.17 | 27.02 | 29.19 | NOTE | |
r-release-macos-arm64 | 0.2.0 | 23.00 | NOTE | |||
r-release-macos-x86_64 | 0.2.0 | 31.00 | NOTE | |||
r-release-windows-x86_64 | 0.2.0 | 3.00 | 43.00 | 46.00 | NOTE | |
r-oldrel-macos-arm64 | 0.2.0 | 19.00 | NOTE | |||
r-oldrel-windows-x86_64 | 0.2.0 | 3.00 | 46.00 | 49.00 | NOTE |
Version: 0.2.0
Check: package subdirectories
Result: NOTE
Problems with news in ‘NEWS.md’:
Cannot extract version info from the following section titles:
TODO:
Flavors: r-devel-linux-x86_64-debian-clang, r-devel-linux-x86_64-debian-gcc, r-devel-linux-x86_64-fedora-clang, r-devel-linux-x86_64-fedora-gcc, r-devel-windows-x86_64, r-patched-linux-x86_64, r-release-linux-x86_64, r-release-macos-arm64, r-release-macos-x86_64, r-release-windows-x86_64
Version: 0.2.0
Check: LazyData
Result: NOTE
'LazyData' is specified without a 'data' directory
Flavors: r-devel-linux-x86_64-debian-clang, r-devel-linux-x86_64-debian-gcc, r-devel-linux-x86_64-fedora-clang, r-devel-linux-x86_64-fedora-gcc, r-devel-windows-x86_64, r-patched-linux-x86_64, r-release-linux-x86_64, r-release-macos-arm64, r-release-macos-x86_64, r-release-windows-x86_64, r-oldrel-macos-arm64, r-oldrel-windows-x86_64