CRAN Package Check Results for Package edf

Last updated on 2025-04-29 12:52:35 CEST.

Flavor Version Tinstall Tcheck Ttotal Status Flags
r-devel-linux-x86_64-debian-clang 1.0.0 1.71 17.09 18.80 NOTE
r-devel-linux-x86_64-debian-gcc 1.0.0 1.28 13.63 14.91 NOTE
r-devel-linux-x86_64-fedora-clang 1.0.0 29.45 NOTE
r-devel-linux-x86_64-fedora-gcc 1.0.0 27.94 NOTE
r-devel-windows-x86_64 1.0.0 3.00 42.00 45.00 NOTE
r-patched-linux-x86_64 1.0.0 1.86 16.42 18.28 NOTE
r-release-linux-x86_64 1.0.0 1.70 16.50 18.20 NOTE
r-release-macos-arm64 1.0.0 13.00 NOTE
r-release-macos-x86_64 1.0.0 22.00 NOTE
r-release-windows-x86_64 1.0.0 3.00 38.00 41.00 NOTE
r-oldrel-macos-arm64 1.0.0 13.00 NOTE
r-oldrel-macos-x86_64 1.0.0 19.00 NOTE
r-oldrel-windows-x86_64 1.0.0 3.00 35.00 38.00 NOTE

Check Details

Version: 1.0.0
Check: CRAN incoming feasibility
Result: NOTE Maintainer: ‘Andreas Henelius <andreas.henelius@iki.fi>’ No Authors@R field in DESCRIPTION. Please add one, modifying Authors@R: person(given = "Andreas", family = "Henelius", role = c("aut", "cre"), email = "andreas.henelius@iki.fi") as necessary. Flavors: r-devel-linux-x86_64-debian-clang, r-devel-linux-x86_64-debian-gcc

Version: 1.0.0
Check: Rd files
Result: NOTE checkRd: (-1) read.edf.Rd:30: Lost braces 30 | Kemp B., V\"{a}rri, A., Rosa, A.C., Nielsen, K.D. and Gade, J. (1992). | ^ Flavors: r-devel-linux-x86_64-debian-clang, r-devel-linux-x86_64-debian-gcc, r-devel-linux-x86_64-fedora-clang, r-devel-linux-x86_64-fedora-gcc, r-devel-windows-x86_64, r-patched-linux-x86_64, r-release-linux-x86_64, r-release-macos-arm64, r-release-macos-x86_64, r-release-windows-x86_64, r-oldrel-macos-arm64, r-oldrel-macos-x86_64, r-oldrel-windows-x86_64