Last updated on 2024-04-19 11:56:44 CEST.
Flavor | Version | Tinstall | Tcheck | Ttotal | Status | Flags |
---|---|---|---|---|---|---|
r-devel-linux-x86_64-debian-clang | 1.0.0 | 2.01 | 20.96 | 22.97 | NOTE | |
r-devel-linux-x86_64-debian-gcc | 1.0.0 | NOTE | ||||
r-devel-linux-x86_64-fedora-clang | 1.0.0 | 29.61 | NOTE | |||
r-devel-linux-x86_64-fedora-gcc | 1.0.0 | 28.27 | NOTE | |||
r-prerel-macos-arm64 | 1.0.0 | 13.00 | NOTE | |||
r-prerel-windows-x86_64 | 1.0.0 | 3.00 | 35.00 | 38.00 | NOTE | |
r-patched-linux-x86_64 | 1.0.0 | 2.04 | 20.87 | 22.91 | NOTE | |
r-release-linux-x86_64 | 1.0.0 | 2.05 | 20.34 | 22.39 | OK | |
r-release-macos-arm64 | 1.0.0 | 14.00 | OK | |||
r-release-macos-x86_64 | 1.0.0 | 18.00 | OK | |||
r-release-windows-x86_64 | 1.0.0 | 3.00 | 35.00 | 38.00 | OK | |
r-oldrel-macos-arm64 | 1.0.0 | 16.00 | OK | |||
r-oldrel-windows-x86_64 | 1.0.0 | 5.00 | 41.00 | 46.00 | OK |
Version: 1.0.0
Check: Rd files
Result: NOTE
checkRd: (-1) read.edf.Rd:30: Lost braces
30 | Kemp B., V\"{a}rri, A., Rosa, A.C., Nielsen, K.D. and Gade, J. (1992).
| ^
Flavors: r-devel-linux-x86_64-debian-clang, r-devel-linux-x86_64-debian-gcc, r-devel-linux-x86_64-fedora-clang, r-devel-linux-x86_64-fedora-gcc, r-prerel-macos-arm64, r-prerel-windows-x86_64, r-patched-linux-x86_64