CRAN Package Check Results for Package ecr

Last updated on 2022-06-28 12:52:23 CEST.

Flavor Version Tinstall Tcheck Ttotal Status Flags
r-devel-linux-x86_64-debian-clang 2.1.0 14.52 98.84 113.36 NOTE
r-devel-linux-x86_64-debian-gcc 2.1.0 11.81 73.72 85.53 NOTE
r-devel-linux-x86_64-fedora-clang 2.1.0 147.99 NOTE
r-devel-linux-x86_64-fedora-gcc 2.1.0 145.14 NOTE
r-devel-windows-x86_64 2.1.0 55.00 128.00 183.00 NOTE
r-patched-linux-x86_64 2.1.0 15.90 100.14 116.04 NOTE
r-release-linux-x86_64 2.1.0 14.98 100.35 115.33 NOTE
r-release-macos-arm64 2.1.0 58.00 NOTE
r-release-macos-x86_64 2.1.0 84.00 NOTE
r-release-windows-x86_64 2.1.0 66.00 134.00 200.00 NOTE
r-oldrel-macos-arm64 2.1.0 106.00 NOTE
r-oldrel-macos-x86_64 2.1.0 91.00 NOTE
r-oldrel-windows-ix86+x86_64 2.1.0 42.00 145.00 187.00 NOTE

Check Details

Version: 2.1.0
Check: LazyData
Result: NOTE
     'LazyData' is specified without a 'data' directory
Flavors: r-devel-linux-x86_64-debian-clang, r-devel-linux-x86_64-debian-gcc, r-devel-linux-x86_64-fedora-clang, r-devel-linux-x86_64-fedora-gcc, r-devel-windows-x86_64, r-patched-linux-x86_64, r-release-linux-x86_64, r-release-macos-arm64, r-release-macos-x86_64, r-release-windows-x86_64, r-oldrel-macos-arm64, r-oldrel-macos-x86_64, r-oldrel-windows-ix86+x86_64