Last updated on 2022-06-28 12:52:22 CEST.
Flavor | Version | Tinstall | Tcheck | Ttotal | Status | Flags |
---|---|---|---|---|---|---|
r-devel-linux-x86_64-debian-clang | 0.2.1 | 3.36 | 92.42 | 95.78 | OK | |
r-devel-linux-x86_64-debian-gcc | 0.2.1 | 2.61 | 67.97 | 70.58 | OK | |
r-devel-linux-x86_64-fedora-clang | 0.2.1 | 123.45 | WARN | |||
r-devel-linux-x86_64-fedora-gcc | 0.2.1 | 122.62 | WARN | |||
r-devel-windows-x86_64 | 0.2.1 | 57.00 | 130.00 | 187.00 | OK | |
r-patched-linux-x86_64 | 0.2.1 | 5.00 | 87.47 | 92.47 | OK | |
r-release-linux-x86_64 | 0.2.1 | 4.11 | 89.84 | 93.95 | OK | |
r-release-macos-arm64 | 0.2.1 | 42.00 | OK | |||
r-release-macos-x86_64 | 0.2.1 | 78.00 | OK | |||
r-release-windows-x86_64 | 0.2.1 | 69.00 | 128.00 | 197.00 | OK | |
r-oldrel-macos-arm64 | 0.2.1 | 52.00 | OK | |||
r-oldrel-macos-x86_64 | 0.2.1 | 80.00 | OK | |||
r-oldrel-windows-ix86+x86_64 | 0.2.1 | 9.00 | 122.00 | 131.00 | OK |
Version: 0.2.1
Check: package dependencies
Result: WARN
Requires orphaned package: ‘gtools’
Flavors: r-devel-linux-x86_64-fedora-clang, r-devel-linux-x86_64-fedora-gcc