CRAN Package Check Results for Package economiccomplexity

Last updated on 2025-04-16 12:49:31 CEST.

Flavor Version Tinstall Tcheck Ttotal Status Flags
r-devel-linux-x86_64-debian-clang 2.0.0 18.53 111.66 130.19 OK
r-devel-linux-x86_64-debian-gcc 2.0.0 12.57 82.79 95.36 OK
r-devel-linux-x86_64-fedora-clang 2.0.0 206.90 OK
r-devel-linux-x86_64-fedora-gcc 2.0.0 221.63 OK
r-devel-windows-x86_64 2.0.0 22.00 139.00 161.00 OK
r-patched-linux-x86_64 2.0.0 18.74 112.30 131.04 OK
r-release-linux-x86_64 2.0.0 17.97 112.41 130.38 OK
r-release-macos-arm64 2.0.0 80.00 OK
r-release-macos-x86_64 2.0.0 136.00 OK
r-release-windows-x86_64 2.0.0 23.00 140.00 163.00 OK
r-oldrel-macos-arm64 2.0.0 74.00 NOTE
r-oldrel-macos-x86_64 2.0.0 172.00 NOTE
r-oldrel-windows-x86_64 2.0.0 26.00 181.00 207.00 OK

Additional issues

rchk

Check Details

Version: 2.0.0
Check: installed package size
Result: NOTE installed size is 5.7Mb sub-directories of 1Mb or more: data 1.7Mb doc 1.7Mb libs 2.0Mb Flavors: r-oldrel-macos-arm64, r-oldrel-macos-x86_64