Last updated on 2025-10-21 11:53:22 CEST.
Flavor | Version | Tinstall | Tcheck | Ttotal | Status | Flags |
---|---|---|---|---|---|---|
r-devel-linux-x86_64-debian-clang | 2.1.0 | 6.12 | 40.68 | 46.80 | NOTE | |
r-devel-linux-x86_64-debian-gcc | 2.1.0 | 4.75 | 32.01 | 36.76 | NOTE | |
r-devel-linux-x86_64-fedora-clang | 2.1.0 | 72.07 | OK | |||
r-devel-linux-x86_64-fedora-gcc | 2.1.0 | 15.00 | 69.49 | 84.49 | OK | |
r-devel-windows-x86_64 | 2.1.0 | 12.00 | 61.00 | 73.00 | OK | |
r-patched-linux-x86_64 | 2.1.0 | 6.52 | 38.18 | 44.70 | OK | |
r-release-linux-x86_64 | 2.1.0 | 5.61 | 38.14 | 43.75 | OK | |
r-release-macos-arm64 | 2.1.0 | 65.00 | OK | |||
r-release-macos-x86_64 | 2.1.0 | 15.00 | 127.00 | 142.00 | OK | |
r-release-windows-x86_64 | 2.1.0 | 13.00 | 64.00 | 77.00 | OK | |
r-oldrel-macos-arm64 | 2.1.0 | 42.00 | OK | |||
r-oldrel-macos-x86_64 | 2.1.0 | 127.00 | OK | |||
r-oldrel-windows-x86_64 | 2.1.0 | 16.00 | 73.00 | 89.00 | OK |
Version: 2.1.0
Check: HTML version of manual
Result: NOTE
Found the following HTML validation problems:
documentation.html:107:1 (documentation.Rd:49): Warning: missing </ul> before </div>
Flavors: r-devel-linux-x86_64-debian-clang, r-devel-linux-x86_64-debian-gcc