Last updated on 2023-06-09 11:57:22 CEST.
Flavor | Version | Tinstall | Tcheck | Ttotal | Status | Flags |
---|---|---|---|---|---|---|
r-devel-linux-x86_64-debian-clang | 0.2.3 | 89.43 | 129.76 | 219.19 | OK | |
r-devel-linux-x86_64-debian-gcc | 0.2.3 | 70.28 | 95.89 | 166.17 | OK | |
r-devel-linux-x86_64-fedora-clang | 0.2.3 | 286.42 | OK | |||
r-devel-linux-x86_64-fedora-gcc | 0.2.3 | 296.06 | OK | |||
r-devel-windows-x86_64 | 0.2.3 | 65.00 | 141.00 | 206.00 | OK | |
r-patched-linux-x86_64 | 0.2.3 | 71.77 | 114.89 | 186.66 | OK | |
r-release-linux-x86_64 | 0.2.3 | 71.16 | 119.66 | 190.82 | OK | |
r-release-macos-arm64 | 0.2.3 | 92.00 | NOTE | |||
r-release-macos-x86_64 | 0.2.3 | 145.00 | NOTE | |||
r-release-windows-x86_64 | 0.2.3 | 79.00 | 168.00 | 247.00 | OK | |
r-oldrel-macos-arm64 | 0.2.3 | 87.00 | NOTE | |||
r-oldrel-macos-x86_64 | 0.2.3 | 99.00 | NOTE | |||
r-oldrel-windows-x86_64 | 0.2.3 | 77.00 | 162.00 | 239.00 | OK |
Version: 0.2.3
Check: installed package size
Result: NOTE
installed size is 13.9Mb
sub-directories of 1Mb or more:
doc 1.3Mb
libs 12.0Mb
Flavors: r-release-macos-arm64, r-release-macos-x86_64, r-oldrel-macos-arm64, r-oldrel-macos-x86_64