Last updated on 2024-04-17 10:41:35 CEST.
Flavor | Version | Tinstall | Tcheck | Ttotal | Status | Flags |
---|---|---|---|---|---|---|
r-devel-linux-x86_64-debian-clang | 0.2.4 | 88.22 | 102.65 | 190.87 | OK | |
r-devel-linux-x86_64-debian-gcc | 0.2.4 | 71.55 | 78.23 | 149.78 | OK | |
r-devel-linux-x86_64-fedora-clang | 0.2.4 | 248.57 | OK | |||
r-devel-linux-x86_64-fedora-gcc | 0.2.4 | 277.10 | OK | |||
r-prerel-macos-arm64 | 0.2.4 | 85.00 | NOTE | |||
r-prerel-windows-x86_64 | 0.2.4 | 70.00 | 120.00 | 190.00 | OK | |
r-patched-linux-x86_64 | 0.2.4 | 87.10 | 95.66 | 182.76 | OK | |
r-release-linux-x86_64 | 0.2.4 | 83.21 | 95.29 | 178.50 | OK | |
r-release-macos-arm64 | 0.2.4 | 79.00 | NOTE | |||
r-release-macos-x86_64 | 0.2.4 | 267.00 | NOTE | |||
r-release-windows-x86_64 | 0.2.4 | 83.00 | 150.00 | 233.00 | OK | |
r-oldrel-macos-arm64 | 0.2.4 | 83.00 | NOTE | |||
r-oldrel-windows-x86_64 | 0.2.4 | 78.00 | 142.00 | 220.00 | OK |
Version: 0.2.4
Check: installed package size
Result: NOTE
installed size is 13.5Mb
sub-directories of 1Mb or more:
doc 1.3Mb
libs 11.7Mb
Flavors: r-prerel-macos-arm64, r-release-macos-arm64, r-release-macos-x86_64, r-oldrel-macos-arm64