Last updated on 2024-04-23 10:54:01 CEST.
Flavor | Version | Tinstall | Tcheck | Ttotal | Status | Flags |
---|---|---|---|---|---|---|
r-devel-linux-x86_64-debian-clang | 0.1.3 | 53.07 | 454.57 | 507.64 | OK | |
r-devel-linux-x86_64-debian-gcc | 0.1.3 | 39.64 | 316.34 | 355.98 | OK | |
r-devel-linux-x86_64-fedora-clang | 0.1.3 | 602.18 | NOTE | |||
r-devel-linux-x86_64-fedora-gcc | 0.1.3 | 583.89 | NOTE | |||
r-prerel-macos-arm64 | 0.1.3 | 147.00 | OK | |||
r-prerel-windows-x86_64 | 0.1.3 | 38.00 | 281.00 | 319.00 | OK | |
r-patched-linux-x86_64 | 0.1.3 | 31.93 | 419.15 | 451.08 | OK | |
r-release-linux-x86_64 | 0.1.3 | 37.13 | 418.36 | 455.49 | OK | |
r-release-macos-arm64 | 0.1.3 | 130.00 | OK | |||
r-release-macos-x86_64 | 0.1.3 | 364.00 | OK | |||
r-release-windows-x86_64 | 0.1.3 | 56.00 | 376.00 | 432.00 | OK | |
r-oldrel-macos-arm64 | 0.1.3 | 124.00 | OK | |||
r-oldrel-windows-x86_64 | 0.1.3 | 53.00 | 361.00 | 414.00 | OK |
Version: 0.1.3
Check: data for non-ASCII characters
Result: NOTE
Note: found 1281 marked UTF-8 strings
Flavors: r-devel-linux-x86_64-fedora-clang, r-devel-linux-x86_64-fedora-gcc