Last updated on 2024-04-26 12:54:31 CEST.
Flavor | Version | Tinstall | Tcheck | Ttotal | Status | Flags |
---|---|---|---|---|---|---|
r-devel-linux-x86_64-debian-clang | 0.1.7 | 9.66 | 83.10 | 92.76 | OK | |
r-devel-linux-x86_64-debian-gcc | 0.1.7 | 6.88 | 57.63 | 64.51 | OK | |
r-devel-linux-x86_64-fedora-clang | 0.1.7 | 108.31 | NOTE | |||
r-devel-linux-x86_64-fedora-gcc | 0.1.7 | 110.45 | NOTE | |||
r-devel-windows-x86_64 | 0.1.7 | 8.00 | 73.00 | 81.00 | OK | |
r-patched-linux-x86_64 | 0.1.7 | 5.73 | 76.89 | 82.62 | OK | |
r-release-linux-x86_64 | 0.1.7 | 6.73 | 75.18 | 81.91 | OK | |
r-release-macos-arm64 | 0.1.7 | 42.00 | OK | |||
r-release-macos-x86_64 | 0.1.7 | 95.00 | OK | |||
r-release-windows-x86_64 | 0.1.7 | 10.00 | 74.00 | 84.00 | OK | |
r-oldrel-macos-arm64 | 0.1.7 | 11.00 | ERROR | |||
r-oldrel-macos-x86_64 | 0.1.7 | 7.00 | ERROR | |||
r-oldrel-windows-x86_64 | 0.1.7 | 10.00 | 87.00 | 97.00 | OK |
Version: 0.1.7
Check: data for non-ASCII characters
Result: NOTE
Note: found 2 marked UTF-8 strings
Flavors: r-devel-linux-x86_64-fedora-clang, r-devel-linux-x86_64-fedora-gcc
Version: 0.1.7
Check: package dependencies
Result: ERROR
Packages required but not available: 'HDF5Array', 'rhdf5'
See section ‘The DESCRIPTION file’ in the ‘Writing R Extensions’
manual.
Flavors: r-oldrel-macos-arm64, r-oldrel-macos-x86_64