Last updated on 2022-07-03 11:53:36 CEST.
Flavor | Version | Tinstall | Tcheck | Ttotal | Status | Flags |
---|---|---|---|---|---|---|
r-devel-linux-x86_64-debian-clang | 0.3.5 | 7.76 | 72.43 | 80.19 | OK | |
r-devel-linux-x86_64-debian-gcc | 0.3.5 | 6.09 | 55.36 | 61.45 | OK | |
r-devel-linux-x86_64-fedora-clang | 0.3.5 | 105.87 | NOTE | |||
r-devel-linux-x86_64-fedora-gcc | 0.3.5 | 104.78 | NOTE | |||
r-devel-windows-x86_64 | 0.3.5 | 28.00 | 117.00 | 145.00 | OK | |
r-patched-linux-x86_64 | 0.3.5 | 9.74 | 70.46 | 80.20 | OK | |
r-release-linux-x86_64 | 0.3.5 | 7.83 | 69.25 | 77.08 | OK | |
r-release-macos-arm64 | 0.3.5 | 35.00 | NOTE | |||
r-release-macos-x86_64 | 0.3.5 | 65.00 | NOTE | |||
r-release-windows-x86_64 | 0.3.5 | 44.00 | 109.00 | 153.00 | OK | |
r-oldrel-macos-arm64 | 0.3.5 | 36.00 | NOTE | |||
r-oldrel-macos-x86_64 | 0.3.5 | 50.00 | NOTE | |||
r-oldrel-windows-ix86+x86_64 | 0.3.5 | 15.00 | 125.00 | 140.00 | OK |
Version: 0.3.5
Check: dependencies in R code
Result: NOTE
Namespaces in Imports field not imported from:
‘methods’ ‘rappdirs’ ‘rgdal’ ‘tools’ ‘xml2’
All declared Imports should be used.
Flavors: r-devel-linux-x86_64-fedora-clang, r-devel-linux-x86_64-fedora-gcc, r-release-macos-arm64, r-release-macos-x86_64, r-oldrel-macos-arm64, r-oldrel-macos-x86_64