Last updated on 2022-06-24 11:52:06 CEST.
Flavor | Version | Tinstall | Tcheck | Ttotal | Status | Flags |
---|---|---|---|---|---|---|
r-devel-linux-x86_64-debian-clang | 1.0.0 | 4.49 | 56.78 | 61.27 | NOTE | |
r-devel-linux-x86_64-debian-gcc | 1.0.0 | 3.09 | 43.21 | 46.30 | NOTE | |
r-devel-linux-x86_64-fedora-clang | 1.0.0 | 88.16 | NOTE | |||
r-devel-linux-x86_64-fedora-gcc | 1.0.0 | 91.02 | NOTE | |||
r-devel-windows-x86_64 | 1.0.0 | 42.00 | 98.00 | 140.00 | NOTE | |
r-patched-linux-x86_64 | 1.0.0 | 4.15 | 54.16 | 58.31 | NOTE | |
r-release-linux-x86_64 | 1.0.0 | 2.96 | 54.38 | 57.34 | NOTE | |
r-release-macos-arm64 | 1.0.0 | 38.00 | NOTE | |||
r-release-macos-x86_64 | 1.0.0 | 50.00 | NOTE | |||
r-release-windows-x86_64 | 1.0.0 | 37.00 | 108.00 | 145.00 | NOTE | |
r-oldrel-macos-arm64 | 1.0.0 | 42.00 | NOTE | |||
r-oldrel-macos-x86_64 | 1.0.0 | 47.00 | NOTE | |||
r-oldrel-windows-ix86+x86_64 | 1.0.0 | 8.00 | 123.00 | 131.00 | NOTE |
Version: 1.0.0
Check: package dependencies
Result: NOTE
Package which this enhances but not available for checking: 'gurobi'
Flavors: r-devel-linux-x86_64-debian-clang, r-devel-linux-x86_64-debian-gcc, r-devel-linux-x86_64-fedora-clang, r-devel-linux-x86_64-fedora-gcc, r-devel-windows-x86_64, r-patched-linux-x86_64, r-release-linux-x86_64, r-release-macos-arm64, r-release-macos-x86_64, r-release-windows-x86_64, r-oldrel-macos-x86_64, r-oldrel-windows-ix86+x86_64
Version: 1.0.0
Check: dependencies in R code
Result: NOTE
Namespace in Imports field not imported from: ‘mathjaxr’
All declared Imports should be used.
Flavors: r-devel-linux-x86_64-fedora-clang, r-devel-linux-x86_64-fedora-gcc, r-release-macos-arm64, r-release-macos-x86_64, r-oldrel-macos-arm64, r-oldrel-macos-x86_64
Version: 1.0.0
Check: package dependencies
Result: NOTE
Package suggested but not available for checking: ‘Rsymphony’
Package which this enhances but not available for checking: ‘gurobi’
Flavor: r-oldrel-macos-arm64