CRAN Package Check Results for Package easyr

Last updated on 2022-06-26 11:52:31 CEST.

Flavor Version Tinstall Tcheck Ttotal Status Flags
r-devel-linux-x86_64-debian-clang 0.5-8 4.69 64.99 69.68 OK
r-devel-linux-x86_64-debian-gcc 0.5-8 3.56 49.97 53.53 OK
r-devel-linux-x86_64-fedora-clang 0.5-8 101.93 NOTE
r-devel-linux-x86_64-fedora-gcc 0.5-9 114.02 NOTE
r-devel-windows-x86_64 0.5-8 48.00 115.00 163.00 OK
r-patched-linux-x86_64 0.5-8 5.64 64.37 70.01 OK
r-release-linux-x86_64 0.5-8 3.96 62.90 66.86 OK
r-release-macos-arm64 0.5-9 35.00 NOTE
r-release-macos-x86_64 0.5-8 51.00 NOTE
r-release-windows-x86_64 0.5-8 41.00 115.00 156.00 OK
r-oldrel-macos-arm64 0.5-9 35.00 NOTE
r-oldrel-macos-x86_64 0.5-8 49.00 NOTE
r-oldrel-windows-ix86+x86_64 0.5-8 12.00 138.00 150.00 OK

Check Details

Version: 0.5-8
Check: dependencies in R code
Result: NOTE
    Namespace in Imports field not imported from: ‘rprojroot’
     All declared Imports should be used.
Flavors: r-devel-linux-x86_64-fedora-clang, r-release-macos-x86_64, r-oldrel-macos-x86_64

Version: 0.5-9
Check: dependencies in R code
Result: NOTE
    Namespace in Imports field not imported from: ‘rprojroot’
     All declared Imports should be used.
Flavors: r-devel-linux-x86_64-fedora-gcc, r-release-macos-arm64, r-oldrel-macos-arm64

Version: 0.5-8
Check: package dependencies
Result: NOTE
    Package suggested but not available for checking: ‘pdftools’
Flavor: r-release-macos-x86_64