Last updated on 2024-04-18 12:52:42 CEST.
Flavor | Version | Tinstall | Tcheck | Ttotal | Status | Flags |
---|---|---|---|---|---|---|
r-devel-linux-x86_64-debian-clang | 1.1.1 | 7.15 | 55.51 | 62.66 | OK | |
r-devel-linux-x86_64-debian-gcc | 1.1.1 | 4.40 | 42.07 | 46.47 | OK | |
r-devel-linux-x86_64-fedora-clang | 1.1.1 | 80.69 | NOTE | |||
r-devel-linux-x86_64-fedora-gcc | 1.1.1 | 75.51 | NOTE | |||
r-prerel-macos-arm64 | 1.1.1 | 30.00 | OK | |||
r-prerel-windows-x86_64 | 1.1.1 | 8.00 | 62.00 | 70.00 | OK | |
r-patched-linux-x86_64 | 1.1.1 | 11.36 | 54.80 | 66.16 | OK | |
r-release-linux-x86_64 | 1.1.1 | 5.06 | 54.12 | 59.18 | OK | |
r-release-macos-arm64 | 1.1.1 | 31.00 | OK | |||
r-release-macos-x86_64 | 1.1.1 | 42.00 | OK | |||
r-release-windows-x86_64 | 1.1.1 | 8.00 | 72.00 | 80.00 | OK | |
r-oldrel-macos-arm64 | 1.1.1 | 25.00 | OK | |||
r-oldrel-windows-x86_64 | 1.1.1 | 10.00 | 74.00 | 84.00 | OK |
Version: 1.1.1
Check: data for non-ASCII characters
Result: NOTE
Note: found 10 marked UTF-8 strings
Flavors: r-devel-linux-x86_64-fedora-clang, r-devel-linux-x86_64-fedora-gcc