CRAN Package Check Results for Package easyVerification

Last updated on 2022-06-25 10:53:02 CEST.

Flavor Version Tinstall Tcheck Ttotal Status Flags
r-devel-linux-x86_64-debian-clang 0.4.4 28.61 46.40 75.01 NOTE
r-devel-linux-x86_64-debian-gcc 0.4.4 25.16 36.45 61.61 NOTE
r-devel-linux-x86_64-fedora-clang 0.4.4 123.91 NOTE
r-devel-linux-x86_64-fedora-gcc 0.4.4 110.60 NOTE
r-devel-windows-x86_64 0.4.4 88.00 94.00 182.00 NOTE
r-patched-linux-x86_64 0.4.4 28.57 46.37 74.94 NOTE
r-release-linux-x86_64 0.4.4 26.01 46.01 72.02 NOTE
r-release-macos-arm64 0.4.4 32.00 NOTE
r-release-macos-x86_64 0.4.4 41.00 NOTE
r-release-windows-x86_64 0.4.4 79.00 91.00 170.00 NOTE
r-oldrel-macos-arm64 0.4.4 36.00 NOTE
r-oldrel-macos-x86_64 0.4.4 57.00 NOTE
r-oldrel-windows-ix86+x86_64 0.4.4 72.00 117.00 189.00 NOTE

Check Details

Version: 0.4.4
Check: LazyData
Result: NOTE
     'LazyData' is specified without a 'data' directory
Flavors: r-devel-linux-x86_64-debian-clang, r-devel-linux-x86_64-debian-gcc, r-devel-linux-x86_64-fedora-clang, r-devel-linux-x86_64-fedora-gcc, r-devel-windows-x86_64, r-patched-linux-x86_64, r-release-linux-x86_64, r-release-macos-arm64, r-release-macos-x86_64, r-release-windows-x86_64, r-oldrel-macos-arm64, r-oldrel-macos-x86_64, r-oldrel-windows-ix86+x86_64