CRAN Package Check Results for Package easyDifferentialGeneCoexpression

Last updated on 2022-06-25 10:53:02 CEST.

Flavor Version Tinstall Tcheck Ttotal Status Flags
r-devel-linux-x86_64-debian-clang 1.0 47.48 389.56 437.04 OK
r-devel-linux-x86_64-debian-gcc 1.0 35.31 293.20 328.51 OK
r-devel-linux-x86_64-fedora-clang 1.0 541.00 NOTE
r-devel-linux-x86_64-fedora-gcc 1.0 534.42 NOTE
r-devel-windows-x86_64 1.0 433.00 7.00 440.00 ERROR
r-patched-linux-x86_64 1.0 41.65 372.64 414.29 OK
r-release-linux-x86_64 1.0 36.77 376.31 413.08 OK
r-release-macos-arm64 1.0 5.00 ERROR
r-release-macos-x86_64 1.0 6.00 ERROR
r-release-windows-x86_64 1.0 320.00 1097.00 1417.00 OK
r-oldrel-macos-arm64 1.0 7.00 ERROR
r-oldrel-macos-x86_64 1.0 11.00 ERROR
r-oldrel-windows-ix86+x86_64 1.0 94.00 402.00 496.00 OK

Check Details

Version: 1.0
Check: dependencies in R code
Result: NOTE
    Namespaces in Imports field not imported from:
     ‘R.utils’ ‘stringi’
     All declared Imports should be used.
Flavors: r-devel-linux-x86_64-fedora-clang, r-devel-linux-x86_64-fedora-gcc

Version: 1.0
Check: whether package can be installed
Result: ERROR
    Installation failed.
Flavor: r-devel-windows-x86_64

Version: 1.0
Check: package dependencies
Result: ERROR
    Package required but not available: ‘diffcoexp’
    
    See section ‘The DESCRIPTION file’ in the ‘Writing R Extensions’
    manual.
Flavors: r-release-macos-arm64, r-release-macos-x86_64, r-oldrel-macos-arm64, r-oldrel-macos-x86_64