Last updated on 2025-04-29 12:52:34 CEST.
Flavor | Version | Tinstall | Tcheck | Ttotal | Status | Flags |
---|---|---|---|---|---|---|
r-devel-linux-x86_64-debian-clang | 0.1.1 | 2.62 | 20.12 | 22.74 | NOTE | |
r-devel-linux-x86_64-debian-gcc | 0.1.1 | 2.12 | 15.71 | 17.83 | NOTE | |
r-devel-linux-x86_64-fedora-clang | 0.1.1 | 35.59 | OK | |||
r-devel-linux-x86_64-fedora-gcc | 0.1.1 | 34.26 | OK | |||
r-devel-windows-x86_64 | 0.1.1 | 4.00 | 36.00 | 40.00 | OK | |
r-patched-linux-x86_64 | 0.1.1 | 2.83 | 19.19 | 22.02 | OK | |
r-release-linux-x86_64 | 0.1.1 | 2.56 | 19.12 | 21.68 | OK | |
r-release-macos-arm64 | 0.1.1 | 15.00 | OK | |||
r-release-macos-x86_64 | 0.1.1 | 25.00 | OK | |||
r-release-windows-x86_64 | 0.1.1 | 4.00 | 39.00 | 43.00 | OK | |
r-oldrel-macos-arm64 | 0.1.1 | 15.00 | NOTE | |||
r-oldrel-macos-x86_64 | 0.1.1 | 21.00 | NOTE | |||
r-oldrel-windows-x86_64 | 0.1.1 | 3.00 | 35.00 | 38.00 | NOTE |
Version: 0.1.1
Check: CRAN incoming feasibility
Result: NOTE
Maintainer: ‘Zhicheng Du<dgdzc@hotmail.com>’
No Authors@R field in DESCRIPTION.
Please add one, modifying
Authors@R: c(person(given = "Zhicheng",
family = "Du",
role = c("aut", "cre"),
email = "dgdzc@hotmail.com"),
person(given = "Yuantao",
family = "Hao",
role = "aut"))
as necessary.
Flavors: r-devel-linux-x86_64-debian-clang, r-devel-linux-x86_64-debian-gcc
Version: 0.1.1
Check: LazyData
Result: NOTE
'LazyData' is specified without a 'data' directory
Flavors: r-oldrel-macos-arm64, r-oldrel-macos-x86_64, r-oldrel-windows-x86_64