CRAN Package Check Results for Package earthdatalogin

Last updated on 2025-07-02 11:51:17 CEST.

Flavor Version Tinstall Tcheck Ttotal Status Flags
r-devel-linux-x86_64-debian-clang 0.0.2 2.04 32.98 35.02 NOTE
r-devel-linux-x86_64-debian-gcc 0.0.2 1.63 27.16 28.79 NOTE
r-devel-linux-x86_64-fedora-clang 0.0.2 52.96 NOTE
r-devel-linux-x86_64-fedora-gcc 0.0.2 66.30 NOTE
r-devel-windows-x86_64 0.0.2 4.00 57.00 61.00 NOTE
r-patched-linux-x86_64 NOTE
r-release-linux-x86_64 0.0.2 2.05 30.23 32.28 NOTE
r-release-macos-arm64 0.0.2 33.00 NOTE
r-release-macos-x86_64 0.0.2 56.00 NOTE
r-release-windows-x86_64 0.0.2 4.00 55.00 59.00 NOTE
r-oldrel-macos-arm64 0.0.2 32.00 OK
r-oldrel-macos-x86_64 0.0.2 42.00 OK
r-oldrel-windows-x86_64 0.0.2 5.00 63.00 68.00 OK

Check Details

Version: 0.0.2
Check: DESCRIPTION meta-information
Result: NOTE Missing dependency on R >= 4.1.0 because package code uses the pipe |> or function shorthand \(...) syntax added in R 4.1.0. File(s) using such syntax: ‘edl_set_token.R’ Flavors: r-devel-linux-x86_64-debian-clang, r-devel-linux-x86_64-debian-gcc, r-devel-linux-x86_64-fedora-clang, r-devel-linux-x86_64-fedora-gcc, r-devel-windows-x86_64, r-patched-linux-x86_64, r-release-linux-x86_64, r-release-macos-arm64, r-release-macos-x86_64, r-release-windows-x86_64