CRAN Package Check Results for Package earlywarnings

Last updated on 2023-09-22 12:56:26 CEST.

Flavor Version Tinstall Tcheck Ttotal Status Flags
r-devel-linux-x86_64-debian-clang 1.1.29 10.85 105.33 116.18 OK
r-devel-linux-x86_64-debian-gcc 1.1.29 9.14 76.01 85.15 OK
r-devel-linux-x86_64-fedora-clang 1.1.29 145.31 NOTE
r-devel-linux-x86_64-fedora-gcc 1.1.29 160.93 NOTE
r-devel-windows-x86_64 1.1.29 12.00 95.00 107.00 OK
r-patched-linux-x86_64 1.1.29 12.43 98.10 110.53 OK
r-release-linux-x86_64 1.1.29 12.13 96.76 108.89 OK
r-release-macos-arm64 1.1.29 48.00 OK
r-release-macos-x86_64 1.1.29 82.00 OK
r-release-windows-x86_64 1.1.29 14.00 110.00 124.00 OK
r-oldrel-macos-arm64 1.1.29 48.00 NOTE
r-oldrel-macos-x86_64 1.1.29 62.00 NOTE
r-oldrel-windows-x86_64 1.1.29 14.00 110.00 124.00 OK

Check Details

Version: 1.1.29
Check: dependencies in R code
Result: NOTE
    Namespace in Imports field not imported from: ‘knitr’
     All declared Imports should be used.
Flavors: r-devel-linux-x86_64-fedora-clang, r-devel-linux-x86_64-fedora-gcc, r-oldrel-macos-arm64, r-oldrel-macos-x86_64