Last updated on 2024-04-23 10:54:01 CEST.
Flavor | Version | Tinstall | Tcheck | Ttotal | Status | Flags |
---|---|---|---|---|---|---|
r-devel-linux-x86_64-debian-clang | 1.15 | 10.84 | 107.86 | 118.70 | OK | |
r-devel-linux-x86_64-debian-gcc | 1.15 | 7.09 | 82.07 | 89.16 | OK | |
r-devel-linux-x86_64-fedora-clang | 1.15 | 145.50 | OK | |||
r-devel-linux-x86_64-fedora-gcc | 1.15 | 152.84 | OK | |||
r-prerel-macos-arm64 | 1.15 | 55.00 | ERROR | |||
r-prerel-macos-x86_64 | 1.15 | 126.00 | OK | |||
r-prerel-windows-x86_64 | 1.15 | 9.00 | 106.00 | 115.00 | OK | |
r-patched-linux-x86_64 | 1.15 | 9.69 | 102.00 | 111.69 | OK | |
r-release-linux-x86_64 | 1.15 | 10.11 | 101.10 | 111.21 | OK | |
r-release-macos-arm64 | 1.15 | 59.00 | OK | |||
r-release-macos-x86_64 | 1.15 | 136.00 | OK | |||
r-release-windows-x86_64 | 1.15 | 12.00 | 122.00 | 134.00 | OK | |
r-oldrel-macos-arm64 | 1.15 | 54.00 | OK | |||
r-oldrel-windows-x86_64 | 1.15 | 11.00 | 125.00 | 136.00 | OK |
Version: 1.15
Check: re-building of vignette outputs
Result: ERROR
Error(s) in re-building vignettes:
...
--- re-building ‘eHOF.Rnw’ using knitr
Quitting from lines 57-67 [4site.echo] (eHOF.Rnw)
Error: processing vignette 'eHOF.Rnw' failed with diagnostics:
Timeout was reached: [germansl.infinitenature.org] Resolving timed out after 10007 milliseconds
--- failed re-building ‘eHOF.Rnw’
SUMMARY: processing the following file failed:
‘eHOF.Rnw’
Error: Vignette re-building failed.
Execution halted
Flavor: r-prerel-macos-arm64