CRAN Package Check Results for Package eDMA

Last updated on 2022-06-29 11:52:08 CEST.

Flavor Version Tinstall Tcheck Ttotal Status Flags
r-devel-linux-x86_64-debian-clang 1.5-3 120.85 37.42 158.27 OK
r-devel-linux-x86_64-debian-gcc 1.5-3 99.44 29.44 128.88 OK
r-devel-linux-x86_64-fedora-clang 1.5-3 251.04 OK
r-devel-linux-x86_64-fedora-gcc 1.5-3 224.54 OK
r-devel-windows-x86_64 1.5-3 101.00 85.00 186.00 OK
r-patched-linux-x86_64 1.5-3 99.53 36.67 136.20 OK
r-release-linux-x86_64 1.5-3 100.55 36.56 137.11 OK
r-release-macos-arm64 1.5-3 47.00 OK
r-release-macos-x86_64 1.5-3 64.00 OK
r-release-windows-x86_64 1.5-3 96.00 87.00 183.00 OK
r-oldrel-macos-arm64 1.5-3 51.00 NOTE
r-oldrel-macos-x86_64 1.5-3 100.00 OK
r-oldrel-windows-ix86+x86_64 1.5-3 294.00 90.00 384.00 OK

Check Details

Version: 1.5-3
Check: installed package size
Result: NOTE
     installed size is 5.5Mb
     sub-directories of 1Mb or more:
     libs 5.2Mb
Flavor: r-oldrel-macos-arm64