CRAN Package Check Results for Package eChem

Last updated on 2023-11-28 13:50:52 CET.

Flavor Version Tinstall Tcheck Ttotal Status Flags
r-devel-linux-x86_64-debian-clang 1.0.0 4.51 84.97 89.48 NOTE
r-devel-linux-x86_64-debian-gcc 1.0.0 3.71 63.14 66.85 NOTE
r-devel-linux-x86_64-fedora-clang 1.0.0 112.74 NOTE
r-devel-linux-x86_64-fedora-gcc 1.0.0 119.15 NOTE
r-devel-windows-x86_64 1.0.0 5.00 137.00 142.00 NOTE
r-patched-linux-x86_64 1.0.0 6.37 79.85 86.22 NOTE
r-release-linux-x86_64 1.0.0 4.49 80.43 84.92 NOTE
r-release-macos-arm64 1.0.0 49.00 NOTE
r-release-macos-x86_64 1.0.0 108.00 NOTE
r-release-windows-x86_64 1.0.0 6.00 103.00 109.00 NOTE
r-oldrel-macos-arm64 1.0.0 48.00 NOTE
r-oldrel-macos-x86_64 1.0.0 51.00 NOTE
r-oldrel-windows-x86_64 1.0.0 7.00 102.00 109.00 NOTE

Check Details

Version: 1.0.0
Check: LazyData
Result: NOTE 'LazyData' is specified without a 'data' directory Flavors: r-devel-linux-x86_64-debian-clang, r-devel-linux-x86_64-debian-gcc, r-devel-linux-x86_64-fedora-clang, r-devel-linux-x86_64-fedora-gcc, r-devel-windows-x86_64, r-patched-linux-x86_64, r-release-linux-x86_64, r-release-macos-arm64, r-release-macos-x86_64, r-release-windows-x86_64, r-oldrel-macos-arm64, r-oldrel-macos-x86_64, r-oldrel-windows-x86_64