CRAN Package Check Results for Package dynprog

Last updated on 2022-06-26 11:52:30 CEST.

Flavor Version Tinstall Tcheck Ttotal Status Flags
r-devel-linux-x86_64-debian-clang 0.1.1 1.74 23.43 25.17 NOTE
r-devel-linux-x86_64-debian-gcc 0.1.1 1.70 18.51 20.21 NOTE
r-devel-linux-x86_64-fedora-clang 0.1.1 44.20 NOTE
r-devel-linux-x86_64-fedora-gcc 0.1.1 42.52 NOTE
r-devel-windows-x86_64 0.1.1 16.00 51.00 67.00 NOTE
r-patched-linux-x86_64 0.1.1 1.63 22.88 24.51 NOTE
r-release-linux-x86_64 0.1.1 2.19 22.62 24.81 NOTE
r-release-macos-arm64 0.1.1 15.00 NOTE
r-release-macos-x86_64 0.1.1 23.00 NOTE
r-release-windows-x86_64 0.1.1 15.00 47.00 62.00 NOTE
r-oldrel-macos-arm64 0.1.1 17.00 NOTE
r-oldrel-macos-x86_64 0.1.1 27.00 NOTE
r-oldrel-windows-ix86+x86_64 0.1.1 6.00 39.00 45.00 NOTE

Check Details

Version: 0.1.1
Check: LazyData
Result: NOTE
     'LazyData' is specified without a 'data' directory
Flavors: r-devel-linux-x86_64-debian-clang, r-devel-linux-x86_64-debian-gcc, r-devel-linux-x86_64-fedora-clang, r-devel-linux-x86_64-fedora-gcc, r-devel-windows-x86_64, r-patched-linux-x86_64, r-release-linux-x86_64, r-release-macos-arm64, r-release-macos-x86_64, r-release-windows-x86_64, r-oldrel-macos-arm64, r-oldrel-macos-x86_64, r-oldrel-windows-ix86+x86_64