Last updated on 2022-06-26 11:52:30 CEST.
Flavor | Version | Tinstall | Tcheck | Ttotal | Status | Flags |
---|---|---|---|---|---|---|
r-devel-linux-x86_64-debian-clang | 0.1.2 | 8.71 | 92.00 | 100.71 | NOTE | |
r-devel-linux-x86_64-debian-gcc | 0.1.2 | 8.01 | 69.30 | 77.31 | NOTE | |
r-devel-linux-x86_64-fedora-clang | 0.1.2 | 137.41 | NOTE | |||
r-devel-linux-x86_64-fedora-gcc | 0.1.2 | 135.26 | NOTE | |||
r-devel-windows-x86_64 | 0.1.2 | 22.00 | 113.00 | 135.00 | NOTE | |
r-patched-linux-x86_64 | 0.1.2 | 8.61 | 86.12 | 94.73 | OK | |
r-release-linux-x86_64 | 0.1.2 | 7.11 | 86.45 | 93.56 | OK | |
r-release-macos-arm64 | 0.1.2 | 38.00 | OK | |||
r-release-macos-x86_64 | 0.1.2 | 55.00 | OK | |||
r-release-windows-x86_64 | 0.1.2 | 25.00 | 114.00 | 139.00 | OK | |
r-oldrel-macos-arm64 | 0.1.2 | 47.00 | OK | |||
r-oldrel-macos-x86_64 | 0.1.2 | 77.00 | OK | |||
r-oldrel-windows-ix86+x86_64 | 0.1.2 | 20.00 | 155.00 | 175.00 | OK |
Version: 0.1.2
Check: Rd files
Result: NOTE
checkRd: (-1) NKI-breast-cancer-clinical-data.Rd:26: Escaped LaTeX specials: \&
checkRd: (-1) NKI-breast-cancer-clinical-data.Rd:33: Escaped LaTeX specials: \&
checkRd: (-1) NKI-breast-cancer-clinical-data.Rd:37: Escaped LaTeX specials: \&
checkRd: (-1) WBC-follow-up-data.Rd:13: Escaped LaTeX specials: \&
checkRd: (-1) WBC-follow-up-data.Rd:14: Escaped LaTeX specials: \&
checkRd: (-1) WBC-follow-up-data.Rd:26: Escaped LaTeX specials: \&
checkRd: (-1) WBC-follow-up-data.Rd:31: Escaped LaTeX specials: \&
checkRd: (-1) WBC-follow-up-data.Rd:41: Escaped LaTeX specials: \&
checkRd: (-1) WBC-measurements-data.Rd:13: Escaped LaTeX specials: \&
checkRd: (-1) WBC-measurements-data.Rd:14: Escaped LaTeX specials: \&
checkRd: (-1) WBC-measurements-data.Rd:25: Escaped LaTeX specials: \&
checkRd: (-1) WBC-measurements-data.Rd:30: Escaped LaTeX specials: \&
checkRd: (-1) WBC-measurements-data.Rd:40: Escaped LaTeX specials: \&
Flavors: r-devel-linux-x86_64-debian-clang, r-devel-linux-x86_64-debian-gcc, r-devel-linux-x86_64-fedora-clang, r-devel-linux-x86_64-fedora-gcc, r-devel-windows-x86_64
Version: 0.1.2
Check: compiled code
Result: NOTE
File ‘dynpred/libs/dynpred.so’:
Found no calls to: ‘R_registerRoutines’, ‘R_useDynamicSymbols’
It is good practice to register native routines and to disable symbol
search.
See ‘Writing portable packages’ in the ‘Writing R Extensions’ manual.
Flavors: r-devel-linux-x86_64-fedora-clang, r-devel-linux-x86_64-fedora-gcc