Last updated on 2022-06-25 10:53:02 CEST.
Flavor | Version | Tinstall | Tcheck | Ttotal | Status | Flags |
---|---|---|---|---|---|---|
r-devel-linux-x86_64-debian-clang | 1.0.2 | 11.92 | 111.68 | 123.60 | NOTE | |
r-devel-linux-x86_64-debian-gcc | 1.0.2 | 9.62 | 82.90 | 92.52 | NOTE | |
r-devel-linux-x86_64-fedora-clang | 1.0.2 | 154.81 | NOTE | |||
r-devel-linux-x86_64-fedora-gcc | 1.0.2 | 152.76 | NOTE | |||
r-devel-windows-x86_64 | 1.0.2 | 33.00 | 133.00 | 166.00 | NOTE | |
r-patched-linux-x86_64 | 1.0.2 | 12.77 | 105.02 | 117.79 | NOTE | |
r-release-linux-x86_64 | 1.0.2 | 11.73 | 105.53 | 117.26 | NOTE | |
r-release-macos-arm64 | 1.0.2 | 43.00 | NOTE | |||
r-release-macos-x86_64 | 1.0.2 | 89.00 | NOTE | |||
r-release-windows-x86_64 | 1.0.2 | 41.00 | 127.00 | 168.00 | NOTE | |
r-oldrel-macos-arm64 | 1.0.2 | 46.00 | NOTE | |||
r-oldrel-macos-x86_64 | 1.0.2 | 81.00 | NOTE | |||
r-oldrel-windows-ix86+x86_64 | 1.0.2 | 27.00 | 124.00 | 151.00 | NOTE |
Version: 1.0.2
Check: LazyData
Result: NOTE
'LazyData' is specified without a 'data' directory
Flavors: r-devel-linux-x86_64-debian-clang, r-devel-linux-x86_64-debian-gcc, r-devel-linux-x86_64-fedora-clang, r-devel-linux-x86_64-fedora-gcc, r-devel-windows-x86_64, r-patched-linux-x86_64, r-release-linux-x86_64, r-release-macos-arm64, r-release-macos-x86_64, r-release-windows-x86_64, r-oldrel-macos-arm64, r-oldrel-macos-x86_64, r-oldrel-windows-ix86+x86_64