CRAN Package Check Results for Package dyngen

Last updated on 2022-07-04 12:54:08 CEST.

Flavor Version Tinstall Tcheck Ttotal Status Flags
r-devel-linux-x86_64-debian-clang 1.0.3 25.80 271.20 297.00 OK
r-devel-linux-x86_64-debian-gcc 1.0.3 19.55 196.01 215.56 OK
r-devel-linux-x86_64-fedora-clang 1.0.3 356.82 OK
r-devel-linux-x86_64-fedora-gcc 1.0.3 348.55 OK
r-devel-windows-x86_64 1.0.3 44.00 292.00 336.00 OK
r-patched-linux-x86_64 1.0.3 16.97 244.37 261.34 OK
r-release-linux-x86_64 1.0.3 15.51 245.22 260.73 OK
r-release-macos-arm64 1.0.3 89.00 NOTE
r-release-macos-x86_64 1.0.3 142.00 OK
r-release-windows-x86_64 1.0.3 58.00 298.00 356.00 OK
r-oldrel-macos-arm64 1.0.3 91.00 OK
r-oldrel-macos-x86_64 1.0.3 112.00 ERROR
r-oldrel-windows-ix86+x86_64 1.0.3 48.00 317.00 365.00 OK

Check Details

Version: 1.0.3
Check: package dependencies
Result: NOTE
    Packages suggested but not available for checking:
     'SingleCellExperiment', 'SummarizedExperiment'
Flavor: r-release-macos-arm64

Version: 1.0.3
Check: tests
Result: ERROR
     Running ‘testthat.R’ [15s/20s]
    Running the tests in ‘tests/testthat.R’ failed.
    Last 13 lines of output:
     27: tryCatch(withCallingHandlers({ eval(code, test_env) if (!handled && !is.null(test)) { skip_empty() }}, expectation = handle_expectation, skip = handle_skip, warning = handle_warning, message = handle_message, error = handle_error), error = handle_fatal, skip = function(e) { })
     28: test_code(NULL, exprs, env)
     29: source_file(path, child_env(env), wrap = wrap)
     30: FUN(X[[i]], ...)
     31: lapply(test_paths, test_one_file, env = env, wrap = wrap)
     32: doTryCatch(return(expr), name, parentenv, handler)
     33: tryCatchOne(expr, names, parentenv, handlers[[1L]])
     34: tryCatchList(expr, classes, parentenv, handlers)
     35: tryCatch(code, testthat_abort_reporter = function(cnd) { cat(conditionMessage(cnd), "\n") NULL})
     36: with_reporter(reporters$multi, lapply(test_paths, test_one_file, env = env, wrap = wrap))
     37: test_files(test_dir = test_dir, test_package = test_package, test_paths = test_paths, load_helpers = load_helpers, reporter = reporter, env = env, stop_on_failure = stop_on_failure, stop_on_warning = stop_on_warning, wrap = wrap, load_package = load_package)
     38: test_files(test_dir = path, test_paths = test_paths, test_package = package, reporter = reporter, load_helpers = load_helpers, env = env, stop_on_failure = stop_on_failure, stop_on_warning = stop_on_warning, wrap = wrap, load_package = load_package, parallel = parallel)
     39: test_dir("testthat", package = package, reporter = reporter, ..., load_package = "installed")
     40: test_check("dyngen")
     An irrecoverable exception occurred. R is aborting now ...
Flavor: r-oldrel-macos-x86_64