CRAN Package Check Results for Package dynfeature

Last updated on 2022-06-28 12:52:22 CEST.

Flavor Version Tinstall Tcheck Ttotal Status Flags
r-devel-linux-x86_64-debian-clang 1.0.0 13.39 332.72 346.11 OK
r-devel-linux-x86_64-debian-gcc 1.0.0 10.09 222.64 232.73 OK
r-devel-linux-x86_64-fedora-clang 1.0.0 387.03 NOTE
r-devel-linux-x86_64-fedora-gcc 1.0.0 364.30 NOTE
r-devel-windows-x86_64 1.0.0 25.00 315.00 340.00 OK
r-patched-linux-x86_64 1.0.0 12.70 281.95 294.65 OK
r-release-linux-x86_64 1.0.0 9.15 285.26 294.41 OK
r-release-macos-arm64 1.0.0 119.00 NOTE
r-release-macos-x86_64 1.0.0 181.00 NOTE
r-release-windows-x86_64 1.0.0 31.00 301.00 332.00 OK
r-oldrel-macos-arm64 1.0.0 146.00 NOTE
r-oldrel-macos-x86_64 1.0.0 147.00 NOTE
r-oldrel-windows-ix86+x86_64 1.0.0 28.00 351.00 379.00 OK

Check Details

Version: 1.0.0
Check: dependencies in R code
Result: NOTE
    Namespace in Imports field not imported from: ‘magrittr’
     All declared Imports should be used.
Flavors: r-devel-linux-x86_64-fedora-clang, r-devel-linux-x86_64-fedora-gcc, r-release-macos-arm64, r-release-macos-x86_64, r-oldrel-macos-arm64, r-oldrel-macos-x86_64