Last updated on 2023-10-01 12:00:35 CEST.
Flavor | Version | Tinstall | Tcheck | Ttotal | Status | Flags |
---|---|---|---|---|---|---|
r-devel-linux-x86_64-debian-clang | 0.1.0 | 4.24 | 35.52 | 39.76 | OK | |
r-devel-linux-x86_64-debian-gcc | 0.1.0 | 4.29 | 27.91 | 32.20 | OK | |
r-devel-linux-x86_64-fedora-clang | 0.1.0 | 49.89 | NOTE | |||
r-devel-linux-x86_64-fedora-gcc | 0.1.0 | 49.04 | NOTE | |||
r-devel-windows-x86_64 | 0.1.0 | 5.00 | 49.00 | 54.00 | OK | |
r-patched-linux-x86_64 | 0.1.0 | 4.16 | 34.95 | 39.11 | OK | |
r-release-linux-x86_64 | 0.1.0 | 4.39 | 35.46 | 39.85 | OK | |
r-release-macos-arm64 | 0.1.0 | 22.00 | OK | |||
r-release-macos-x86_64 | 0.1.0 | 29.00 | OK | |||
r-release-windows-x86_64 | 0.1.0 | 6.00 | 49.00 | 55.00 | OK | |
r-oldrel-macos-arm64 | 0.1.0 | 20.00 | NOTE | |||
r-oldrel-macos-x86_64 | 0.1.0 | 26.00 | NOTE | |||
r-oldrel-windows-x86_64 | 0.1.0 | 6.00 | 55.00 | 61.00 | OK |
Version: 0.1.0
Check: dependencies in R code
Result: NOTE
Namespace in Imports field not imported from: ‘graphics’
All declared Imports should be used.
Flavors: r-devel-linux-x86_64-fedora-clang, r-devel-linux-x86_64-fedora-gcc, r-oldrel-macos-arm64, r-oldrel-macos-x86_64