Last updated on 2024-04-23 10:54:01 CEST.
Flavor | Version | Tinstall | Tcheck | Ttotal | Status | Flags |
---|---|---|---|---|---|---|
r-devel-linux-x86_64-debian-clang | 0.1.1 | 3.32 | 23.54 | 26.86 | OK | |
r-devel-linux-x86_64-debian-gcc | 0.1.1 | 2.85 | 18.37 | 21.22 | OK | |
r-devel-linux-x86_64-fedora-clang | 0.1.1 | 33.84 | NOTE | |||
r-devel-linux-x86_64-fedora-gcc | 0.1.1 | 32.53 | NOTE | |||
r-prerel-macos-arm64 | 0.1.1 | 15.00 | OK | |||
r-prerel-windows-x86_64 | 0.1.1 | 4.00 | 41.00 | 45.00 | OK | |
r-patched-linux-x86_64 | 0.1.1 | 3.40 | 22.42 | 25.82 | OK | |
r-release-linux-x86_64 | 0.1.1 | 3.43 | 22.60 | 26.03 | OK | |
r-release-macos-arm64 | 0.1.1 | 17.00 | OK | |||
r-release-macos-x86_64 | 0.1.1 | 23.00 | OK | |||
r-release-windows-x86_64 | 0.1.1 | 4.00 | 40.00 | 44.00 | OK | |
r-oldrel-macos-arm64 | 0.1.1 | 20.00 | OK | |||
r-oldrel-windows-x86_64 | 0.1.1 | 6.00 | 44.00 | 50.00 | OK |
Version: 0.1.1
Check: data for non-ASCII characters
Result: NOTE
Note: found 2854 marked UTF-8 strings
Flavors: r-devel-linux-x86_64-fedora-clang, r-devel-linux-x86_64-fedora-gcc