Last updated on 2025-04-29 12:52:34 CEST.
Flavor | Version | Tinstall | Tcheck | Ttotal | Status | Flags |
---|---|---|---|---|---|---|
r-devel-linux-x86_64-debian-clang | 0.1.3 | 1.55 | 16.50 | 18.05 | NOTE | |
r-devel-linux-x86_64-debian-gcc | 0.1.3 | 1.29 | 13.82 | 15.11 | NOTE | |
r-devel-linux-x86_64-fedora-clang | 0.1.3 | 28.27 | OK | |||
r-devel-linux-x86_64-fedora-gcc | 0.1.3 | 27.36 | OK | |||
r-devel-windows-x86_64 | 0.1.3 | 3.00 | 35.00 | 38.00 | OK | |
r-patched-linux-x86_64 | 0.1.3 | 1.47 | 15.94 | 17.41 | OK | |
r-release-linux-x86_64 | 0.1.3 | 1.55 | 15.92 | 17.47 | OK | |
r-release-macos-arm64 | 0.1.3 | 15.00 | OK | |||
r-release-macos-x86_64 | 0.1.3 | 21.00 | OK | |||
r-release-windows-x86_64 | 0.1.3 | 3.00 | 36.00 | 39.00 | OK | |
r-oldrel-macos-arm64 | 0.1.3 | 14.00 | OK | |||
r-oldrel-macos-x86_64 | 0.1.3 | 19.00 | OK | |||
r-oldrel-windows-x86_64 | 0.1.3 | 2.00 | 35.00 | 37.00 | OK |
Version: 0.1.3
Check: CRAN incoming feasibility
Result: NOTE
Maintainer: ‘Michel Ballings <michel.ballings@GMail.com>’
No Authors@R field in DESCRIPTION.
Please add one, modifying
Authors@R: c(person(given = "Michel",
family = "Ballings",
role = c("aut", "cre"),
email = "michel.ballings@gmail.com"),
person(given = "Dirk",
family = "Van den Poel",
role = "aut"))
as necessary.
Flavors: r-devel-linux-x86_64-debian-clang, r-devel-linux-x86_64-debian-gcc