Last updated on 2022-07-03 11:53:36 CEST.
Flavor | Version | Tinstall | Tcheck | Ttotal | Status | Flags |
---|---|---|---|---|---|---|
r-devel-linux-x86_64-debian-clang | 0.4.0 | 2141.60 | 77.97 | 2219.57 | OK | |
r-devel-linux-x86_64-debian-gcc | 0.4.0 | 1699.40 | 59.87 | 1759.27 | OK | |
r-devel-linux-x86_64-fedora-clang | 0.4.0 | 3263.32 | NOTE | |||
r-devel-linux-x86_64-fedora-gcc | 0.4.0 | 2992.89 | OK | |||
r-devel-windows-x86_64 | 0.4.0 | 5631.00 | 328.00 | 5959.00 | NOTE | |
r-patched-linux-x86_64 | 0.4.0 | 1821.31 | 75.10 | 1896.41 | OK | |
r-release-linux-x86_64 | 0.4.0 | 1795.19 | 74.91 | 1870.10 | OK | |
r-release-macos-arm64 | 0.4.0 | 631.00 | NOTE | |||
r-release-macos-x86_64 | 0.4.0 | 818.00 | NOTE | |||
r-release-windows-x86_64 | 0.4.0 | 6353.00 | 327.00 | 6680.00 | NOTE | |
r-oldrel-macos-arm64 | 0.4.0 | 555.00 | NOTE | |||
r-oldrel-macos-x86_64 | 0.4.0 | 817.00 | NOTE | |||
r-oldrel-windows-ix86+x86_64 | 0.4.0 | 4243.00 | 324.00 | 4567.00 | NOTE |
Version: 0.4.0
Check: installed package size
Result: NOTE
installed size is 168.1Mb
sub-directories of 1Mb or more:
libs 167.4Mb
Flavors: r-devel-linux-x86_64-fedora-clang, r-devel-windows-x86_64, r-release-macos-arm64, r-release-macos-x86_64, r-release-windows-x86_64, r-oldrel-macos-arm64, r-oldrel-macos-x86_64, r-oldrel-windows-ix86+x86_64