Last updated on 2023-02-02 11:53:57 CET.
Flavor | Version | Tinstall | Tcheck | Ttotal | Status | Flags |
---|---|---|---|---|---|---|
r-devel-linux-x86_64-debian-clang | 0.6.2 | 2464.55 | 77.85 | 2542.40 | NOTE | |
r-devel-linux-x86_64-debian-gcc | 0.6.2 | 2040.31 | 61.24 | 2101.55 | NOTE | |
r-devel-linux-x86_64-fedora-clang | 0.6.2 | 3268.88 | NOTE | |||
r-devel-linux-x86_64-fedora-gcc | 0.6.2 | 3777.79 | NOTE | |||
r-patched-linux-x86_64 | 0.6.2 | 2207.89 | 77.42 | 2285.31 | OK | |
r-release-linux-x86_64 | 0.6.2 | 2188.92 | 76.24 | 2265.16 | OK | |
r-release-macos-arm64 | 0.6.2 | 569.00 | NOTE | |||
r-release-macos-x86_64 | 0.6.2 | 989.00 | NOTE | |||
r-release-windows-x86_64 | 0.6.2 | 7810.00 | 408.00 | 8218.00 | NOTE | |
r-oldrel-macos-arm64 | 0.6.2 | 599.00 | NOTE | |||
r-oldrel-macos-x86_64 | 0.6.2 | 988.00 | NOTE | |||
r-oldrel-windows-ix86+x86_64 | 0.6.2 | 5252.00 | 332.00 | 5584.00 | NOTE |
Version: 0.6.2
Check: C++ specification
Result: NOTE
Specified C++11: please update to current default of C++17
Flavors: r-devel-linux-x86_64-debian-clang, r-devel-linux-x86_64-debian-gcc, r-devel-linux-x86_64-fedora-clang, r-devel-linux-x86_64-fedora-gcc
Version: 0.6.2
Check: installed package size
Result: NOTE
installed size is 36.0Mb
sub-directories of 1Mb or more:
libs 35.3Mb
Flavors: r-devel-linux-x86_64-fedora-clang, r-release-macos-arm64, r-release-macos-x86_64, r-release-windows-x86_64, r-oldrel-macos-arm64, r-oldrel-macos-x86_64, r-oldrel-windows-ix86+x86_64