Last updated on 2023-09-26 13:08:30 CEST.
Flavor | Version | Tinstall | Tcheck | Ttotal | Status | Flags |
---|---|---|---|---|---|---|
r-devel-linux-x86_64-debian-clang | 0.8.1-3 | 2723.21 | 99.35 | 2822.56 | OK | |
r-devel-linux-x86_64-debian-gcc | 0.8.1-3 | 2171.94 | 72.82 | 2244.76 | OK | |
r-devel-linux-x86_64-fedora-clang | 0.8.1-3 | 3609.79 | NOTE | |||
r-devel-linux-x86_64-fedora-gcc | 0.8.1-3 | 4813.56 | OK | |||
r-devel-windows-x86_64 | 0.8.1-3 | 1670.00 | 319.00 | 1989.00 | NOTE | |
r-patched-linux-x86_64 | 0.8.1-3 | 2847.32 | 94.68 | 2942.00 | OK | |
r-release-linux-x86_64 | 0.8.1-3 | 2850.34 | 95.03 | 2945.37 | OK | |
r-release-macos-arm64 | 0.8.1-3 | 866.00 | NOTE | |||
r-release-macos-x86_64 | 0.8.1-3 | 547.00 | NOTE | |||
r-release-windows-x86_64 | 0.8.1-3 | 1930.00 | 390.00 | 2320.00 | NOTE | |
r-oldrel-macos-arm64 | 0.8.1-3 | 836.00 | NOTE | |||
r-oldrel-macos-x86_64 | 0.8.1-3 | 1124.00 | NOTE | |||
r-oldrel-windows-x86_64 | 0.8.1-3 | 2572.00 | 347.00 | 2919.00 | NOTE |
Version: 0.8.1-3
Check: installed package size
Result: NOTE
installed size is 37.5Mb
sub-directories of 1Mb or more:
libs 36.8Mb
Flavors: r-devel-linux-x86_64-fedora-clang, r-devel-windows-x86_64, r-release-macos-arm64, r-release-macos-x86_64, r-release-windows-x86_64, r-oldrel-macos-arm64, r-oldrel-macos-x86_64, r-oldrel-windows-x86_64