CRAN Package Check Results for Package duawranglr

Last updated on 2022-06-25 10:53:02 CEST.

Flavor Version Tinstall Tcheck Ttotal Status Flags
r-devel-linux-x86_64-debian-clang 0.6.7 2.04 36.31 38.35 OK
r-devel-linux-x86_64-debian-gcc 0.6.7 2.15 27.70 29.85 OK
r-devel-linux-x86_64-fedora-clang 0.6.7 60.51 NOTE
r-devel-linux-x86_64-fedora-gcc 0.6.7 58.19 NOTE
r-devel-windows-x86_64 0.6.7 28.00 70.00 98.00 OK
r-patched-linux-x86_64 0.6.7 1.97 34.53 36.50 OK
r-release-linux-x86_64 0.6.7 1.76 34.90 36.66 OK
r-release-macos-arm64 0.6.7 22.00 NOTE
r-release-macos-x86_64 0.6.7 31.00 NOTE
r-release-windows-x86_64 0.6.7 35.00 68.00 103.00 OK
r-oldrel-macos-arm64 0.6.7 25.00 NOTE
r-oldrel-macos-x86_64 0.6.7 32.00 NOTE
r-oldrel-windows-ix86+x86_64 0.6.7 7.00 57.00 64.00 OK

Check Details

Version: 0.6.7
Check: dependencies in R code
Result: NOTE
    Namespaces in Imports field not imported from:
     ‘digest’ ‘dplyr’
     All declared Imports should be used.
Flavors: r-devel-linux-x86_64-fedora-clang, r-devel-linux-x86_64-fedora-gcc, r-release-macos-arm64, r-release-macos-x86_64, r-oldrel-macos-arm64, r-oldrel-macos-x86_64