Last updated on 2024-04-22 12:55:37 CEST.
Flavor | Version | Tinstall | Tcheck | Ttotal | Status | Flags |
---|---|---|---|---|---|---|
r-devel-linux-x86_64-debian-clang | 0.1.5 | 4.97 | 41.77 | 46.74 | OK | |
r-devel-linux-x86_64-debian-gcc | 0.1.5 | 3.23 | 32.01 | 35.24 | OK | |
r-devel-linux-x86_64-fedora-clang | 0.1.5 | 57.38 | NOTE | |||
r-devel-linux-x86_64-fedora-gcc | 0.1.5 | 56.52 | NOTE | |||
r-prerel-macos-arm64 | 0.1.5 | 25.00 | OK | |||
r-prerel-windows-x86_64 | 0.1.5 | 5.00 | 67.00 | 72.00 | OK | |
r-patched-linux-x86_64 | 0.1.5 | 3.59 | 39.35 | 42.94 | OK | |
r-release-linux-x86_64 | 0.1.5 | 3.97 | 40.77 | 44.74 | OK | |
r-release-macos-arm64 | 0.1.5 | 122.00 | OK | |||
r-release-macos-x86_64 | 0.1.5 | 68.00 | OK | |||
r-release-windows-x86_64 | 0.1.5 | 8.00 | 67.00 | 75.00 | OK | |
r-oldrel-macos-arm64 | 0.1.5 | 29.00 | OK | |||
r-oldrel-windows-x86_64 | 0.1.5 | 12.00 | 68.00 | 80.00 | OK |
Version: 0.1.5
Check: installed package size
Result: NOTE
installed size is 5.1Mb
sub-directories of 1Mb or more:
libs 4.8Mb
Flavor: r-devel-linux-x86_64-fedora-clang
Version: 0.1.5
Check: compiled code
Result: NOTE
File ‘dualtrees/libs/dualtrees.so’:
Found no calls to: ‘R_registerRoutines’, ‘R_useDynamicSymbols’
It is good practice to register native routines and to disable symbol
search.
See ‘Writing portable packages’ in the ‘Writing R Extensions’ manual.
Flavors: r-devel-linux-x86_64-fedora-clang, r-devel-linux-x86_64-fedora-gcc