CRAN Package Check Results for Package dualtrees

Last updated on 2025-04-29 12:52:34 CEST.

Flavor Version Tinstall Tcheck Ttotal Status Flags
r-devel-linux-x86_64-debian-clang 0.1.5 3.58 33.27 36.85 OK
r-devel-linux-x86_64-debian-gcc 0.1.5 2.61 25.47 28.08 OK
r-devel-linux-x86_64-fedora-clang 0.1.5 55.06 NOTE
r-devel-linux-x86_64-fedora-gcc 0.1.5 58.02 NOTE
r-devel-windows-x86_64 0.1.5 6.00 66.00 72.00 OK
r-patched-linux-x86_64 0.1.5 3.08 32.93 36.01 OK
r-release-linux-x86_64 0.1.5 3.01 31.98 34.99 OK
r-release-macos-arm64 0.1.5 29.00 OK
r-release-macos-x86_64 0.1.5 45.00 OK
r-release-windows-x86_64 0.1.5 7.00 69.00 76.00 OK
r-oldrel-macos-arm64 0.1.5 25.00 OK
r-oldrel-macos-x86_64 0.1.5 36.00 OK
r-oldrel-windows-x86_64 0.1.5 5.00 65.00 70.00 OK

Check Details

Version: 0.1.5
Check: compiled code
Result: NOTE File ‘dualtrees/libs/dualtrees.so’: Found no calls to: ‘R_registerRoutines’, ‘R_useDynamicSymbols’ It is good practice to register native routines and to disable symbol search. See ‘Writing portable packages’ in the ‘Writing R Extensions’ manual. Flavors: r-devel-linux-x86_64-fedora-clang, r-devel-linux-x86_64-fedora-gcc